{"id":1522,"date":"2024-12-17T23:25:30","date_gmt":"2024-12-17T23:25:30","guid":{"rendered":"https:\/\/xn--Para-orchide-leb.com\/?product=novophane-shampooing-energisant-200-ml"},"modified":"2024-12-18T22:04:14","modified_gmt":"2024-12-18T22:04:14","slug":"novophane-shampooing-energisant-200-ml","status":"publish","type":"product","link":"https:\/\/para-orchidee.com\/?product=novophane-shampooing-energisant-200-ml&lang=fr","title":{"rendered":"NOVOPHANE Shampooing \u00c9nergisant &#8211; 200 ml"},"content":{"rendered":"<p>Un bain d\u2019\u00e9nergie, v\u00e9ritable source de beaut\u00e9 et de vigueur, destin\u00e9 aux cheveux fins, fragiles et sans volume.<\/p>\n<p>Gr\u00e2ce \u00e0 son association de <strong>6 vitamines<\/strong> aux propri\u00e9t\u00e9s stimulantes et fortifiantes pour les cheveux et le cuir chevelu, le <strong>shampooing \u00e9nergisant NOVOPHANE<\/strong> nettoie en douceur et apporte une action stimulante aux cheveux et cuirs chevelus fragilis\u00e9s. Il redonne volume, force et vigueur aux cheveux et peut s\u2019utiliser aussi souvent que n\u00e9cessaire.<\/p>\n<p>Doux et vitamin\u00e9, il est tr\u00e8s efficace en accompagnement d\u2019un <strong>traitement antichute<\/strong> ou en <strong>alternance de shampooings traitants<\/strong>, tels que l\u2019un de nos shampooings antipelliculaires.<\/p>\n<p>Il se rince facilement et favorise le d\u00e9m\u00ealage comme le coiffage.<\/p>\n<p><strong>Id\u00e9al pour<\/strong> : Cheveux fins, ternes et fragilis\u00e9s<br \/>\n<strong>Texture<\/strong> : Gel<br \/>\n<strong>Quand ?<\/strong> : Usage quotidien, id\u00e9al en compl\u00e9ment des traitements anti-chute<br \/>\n<strong>Nettoie, fortifie<\/strong><\/p>\n","protected":false},"excerpt":{"rendered":"<p>Pour des cheveux forts, denses et en pleine sant\u00e9<br \/>\nCe shampooing fortifiant et \u00e9nergisant redonne de la force aux cheveux ternes et fragilis\u00e9s, <strong>en compl\u00e9ment des traitements anti-chute de cheveux<\/strong>.<\/p>\n","protected":false},"featured_media":1268,"comment_status":"open","ping_status":"closed","template":"","meta":{"om_disable_all_campaigns":false,"_monsterinsights_skip_tracking":false,"_monsterinsights_sitenote_active":false,"_monsterinsights_sitenote_note":"","_monsterinsights_sitenote_category":0},"product_brand":[],"product_cat":[178,16,17],"product_tag":[],"class_list":{"0":"post-1522","1":"product","2":"type-product","3":"status-publish","4":"has-post-thumbnail","6":"product_cat-acm","7":"product_cat-boutique","8":"product_cat-cheveux","9":"thunk-woo-product-list","10":"opn-qv-enable","11":"big-store-woo-hover-zoom","12":"open-single-product-tab-horizontal","13":"open-shadow-","14":"open-shadow-hover-","16":"first","17":"instock","18":"sale","19":"taxable","20":"shipping-taxable","21":"purchasable","22":"product-type-simple"},"aioseo_notices":[],"_links":{"self":[{"href":"https:\/\/para-orchidee.com\/index.php?rest_route=\/wp\/v2\/product\/1522","targetHints":{"allow":["GET"]}}],"collection":[{"href":"https:\/\/para-orchidee.com\/index.php?rest_route=\/wp\/v2\/product"}],"about":[{"href":"https:\/\/para-orchidee.com\/index.php?rest_route=\/wp\/v2\/types\/product"}],"replies":[{"embeddable":true,"href":"https:\/\/para-orchidee.com\/index.php?rest_route=%2Fwp%2Fv2%2Fcomments&post=1522"}],"wp:featuredmedia":[{"embeddable":true,"href":"https:\/\/para-orchidee.com\/index.php?rest_route=\/wp\/v2\/media\/1268"}],"wp:attachment":[{"href":"https:\/\/para-orchidee.com\/index.php?rest_route=%2Fwp%2Fv2%2Fmedia&parent=1522"}],"wp:term":[{"taxonomy":"product_brand","embeddable":true,"href":"https:\/\/para-orchidee.com\/index.php?rest_route=%2Fwp%2Fv2%2Fproduct_brand&post=1522"},{"taxonomy":"product_cat","embeddable":true,"href":"https:\/\/para-orchidee.com\/index.php?rest_route=%2Fwp%2Fv2%2Fproduct_cat&post=1522"},{"taxonomy":"product_tag","embeddable":true,"href":"https:\/\/para-orchidee.com\/index.php?rest_route=%2Fwp%2Fv2%2Fproduct_tag&post=1522"}],"curies":[{"name":"wp","href":"https:\/\/api.w.org\/{rel}","templated":true}]}}