{"id":1542,"date":"2024-12-17T23:24:35","date_gmt":"2024-12-17T23:24:35","guid":{"rendered":"https:\/\/xn--Para-orchide-leb.com\/?product=biology-ac-gel-moussant-nettoyant-purifiant-200-ml"},"modified":"2024-12-19T18:24:14","modified_gmt":"2024-12-19T18:24:14","slug":"biology-ac-gel-moussant-nettoyant-purifiant-200-ml","status":"publish","type":"product","link":"https:\/\/para-orchidee.com\/?product=biology-ac-gel-moussant-nettoyant-purifiant-200-ml&lang=fr","title":{"rendered":"Biology-AC Gel Moussant Nettoyant Purifiant &#8211; 200 ml"},"content":{"rendered":"<p>Le gel moussant nettoyant purifiant, <strong>dermatologique et certifi\u00e9 BIO<\/strong>, permet de nettoyer la peau grasse \u00e0 tendance acn\u00e9ique en douceur sans la dess\u00e9cher.<br \/>\nIl d\u00e9sincruste efficacement les pores et \u00e9limine les impuret\u00e9s tout en apportant une agr\u00e9able sensation de fra\u00eecheur.<br \/>\nDestin\u00e9 aux pr\u00e9-adolescents d\u00e8s 9 ans, aux adolescents et aux adultes, ce soin d&rsquo;hygi\u00e8ne est compos\u00e9 \u00e0 99% d\u2019ingr\u00e9dients d\u2019origine naturelle.<br \/>\nGr\u00e2ce \u00e0 ses actifs d\u2019origine v\u00e9g\u00e9tale et \u00e0 son pH physiologique, la peau est purifi\u00e9e, nettoy\u00e9e, d\u00e9barrass\u00e9e de ses impuret\u00e9s, la peau est respect\u00e9e, le microbiote pr\u00e9serv\u00e9.<br \/>\nSans savon, sa mousse onctueuse au parfum doux et v\u00e9g\u00e9tal se rince facilement et laisse la peau douce et nette.<br \/>\nSa formule biod\u00e9gradable* contient de l&rsquo;avoine Rhealba\u00ae issue de l\u2019agriculture biologique.<br \/>\n<strong>Info Vegan :<\/strong> sans ingr\u00e9dient d&rsquo;origine animale.<\/p>\n<p><strong>B\u00e9n\u00e9fices<\/strong><br \/>\n\u2022 <strong>NETTOIE<\/strong> sans dess\u00e9cher.<br \/>\n\u2022 <strong>PURIFIE<\/strong> la peau et participe \u00e0 l\u2019\u00e9quilibre du microbiome.<br \/>\n\u2022 <strong>DESINCRUSTE<\/strong> les pores et \u00e9limine les impuret\u00e9s.<\/p>\n","protected":false},"excerpt":{"rendered":"<p><em>D\u00e9sincruste les pores &#8211; Nettoie &#8211; R\u00e9duit l&rsquo;exc\u00e8s de s\u00e9bum &#8211; Purifie<\/em><\/p>\n<p>Gel moussant certifi\u00e9 BIO non-dess\u00e9chant pour nettoyer en douceur les peaux grasses \u00e0 tendance acn\u00e9ique.<\/p>\n<p><strong>Utilisable par<\/strong><br \/>\nAdolescents &#8211; adultes<br \/>\n<strong>Partie du corps<\/strong><br \/>\nBuste &#8211; visage &#8211; dos<\/p>\n<p>Respecte la barri\u00e8re cutan\u00e9e et participe \u00e0 l&rsquo;\u00e9quilibre du microbiote cutan\u00e9<br \/>\n99% d\u2019ingr\u00e9dients d\u2019origine naturelle. Avoine Rhealba\u00ae issue de l\u2019agriculture biologique.<\/p>\n","protected":false},"featured_media":1359,"comment_status":"open","ping_status":"closed","template":"","meta":{"om_disable_all_campaigns":false,"_monsterinsights_skip_tracking":false,"_monsterinsights_sitenote_active":false,"_monsterinsights_sitenote_note":"","_monsterinsights_sitenote_category":0},"product_brand":[],"product_cat":[179,16,19,22,18],"product_tag":[],"class_list":{"0":"post-1542","1":"product","2":"type-product","3":"status-publish","4":"has-post-thumbnail","6":"product_cat-aderma","7":"product_cat-boutique","8":"product_cat-corps","9":"product_cat-soin-de-peau","10":"product_cat-visage","11":"thunk-woo-product-list","12":"opn-qv-enable","13":"big-store-woo-hover-zoom","14":"open-single-product-tab-horizontal","15":"open-shadow-","16":"open-shadow-hover-","18":"first","19":"instock","20":"sale","21":"taxable","22":"shipping-taxable","23":"purchasable","24":"product-type-simple"},"aioseo_notices":[],"_links":{"self":[{"href":"https:\/\/para-orchidee.com\/index.php?rest_route=\/wp\/v2\/product\/1542","targetHints":{"allow":["GET"]}}],"collection":[{"href":"https:\/\/para-orchidee.com\/index.php?rest_route=\/wp\/v2\/product"}],"about":[{"href":"https:\/\/para-orchidee.com\/index.php?rest_route=\/wp\/v2\/types\/product"}],"replies":[{"embeddable":true,"href":"https:\/\/para-orchidee.com\/index.php?rest_route=%2Fwp%2Fv2%2Fcomments&post=1542"}],"wp:featuredmedia":[{"embeddable":true,"href":"https:\/\/para-orchidee.com\/index.php?rest_route=\/wp\/v2\/media\/1359"}],"wp:attachment":[{"href":"https:\/\/para-orchidee.com\/index.php?rest_route=%2Fwp%2Fv2%2Fmedia&parent=1542"}],"wp:term":[{"taxonomy":"product_brand","embeddable":true,"href":"https:\/\/para-orchidee.com\/index.php?rest_route=%2Fwp%2Fv2%2Fproduct_brand&post=1542"},{"taxonomy":"product_cat","embeddable":true,"href":"https:\/\/para-orchidee.com\/index.php?rest_route=%2Fwp%2Fv2%2Fproduct_cat&post=1542"},{"taxonomy":"product_tag","embeddable":true,"href":"https:\/\/para-orchidee.com\/index.php?rest_route=%2Fwp%2Fv2%2Fproduct_tag&post=1542"}],"curies":[{"name":"wp","href":"https:\/\/api.w.org\/{rel}","templated":true}]}}