{"id":1576,"date":"2024-12-17T23:22:55","date_gmt":"2024-12-17T23:22:55","guid":{"rendered":"https:\/\/xn--Para-orchide-leb.com\/?product=cicalfate-creme-reparatrice-protectrice-15-ml"},"modified":"2024-12-21T21:47:40","modified_gmt":"2024-12-21T21:47:40","slug":"cicalfate-creme-reparatrice-protectrice-15-ml","status":"publish","type":"product","link":"https:\/\/para-orchidee.com\/?product=cicalfate-creme-reparatrice-protectrice-15-ml&lang=fr","title":{"rendered":"Cicalfate+ Cr\u00e8me r\u00e9paratrice protectrice 5ml"},"content":{"rendered":"<p><strong>Cicalfate+ Cr\u00e8me r\u00e9paratrice protectrice<\/strong> apaise, prot\u00e8ge et favorise la r\u00e9paration* des peaux irrit\u00e9es de toute la famille.<\/p>\n<p>Sa formule \u00e0 la texture protectrice est sans parfum.<\/p>\n<p><strong> Cicalfate+ Cr\u00e8me r\u00e9paratrice protectrice<\/strong> assainit la peau, calme les effets des agressions quotidiennes subies par l&rsquo;\u00e9piderme et en favorise la r\u00e9g\u00e9n\u00e9ration.<\/p>\n<p>Elle peut-\u00eatre utilis\u00e9e comme cr\u00e8me r\u00e9paratrice et protectrice des fesses sensibles des b\u00e9b\u00e9s.<\/p>\n<p>*Favorise la r\u00e9paration \u00e9pidermique.<\/p>\n<p><strong>B\u00e9n\u00e9fices<\/strong> :<\/p>\n<p>\u2022 <strong>R\u00c9PARATION<\/strong>: [C\u207a-Restore]\u2122 favorise la r\u00e9paration \u00e9pidermique.<\/p>\n<p>\u2022 <strong>ASSAINISSEMENT<\/strong>: Les Sulfates de cuivre et de zinc contribuent \u00e0 limiter le risque de prolif\u00e9ration bact\u00e9rienne.<\/p>\n<p>\u2022 <strong>APAISEMENT<\/strong> et am\u00e9lioration du confort des peaux sensibilis\u00e9es, des irritations et des rougeurs.<\/p>\n<p><strong>Conseils d&rsquo;utilisation :<\/strong><\/p>\n<ul>\n<li>Plusieurs fois par jour<\/li>\n<li>Appliquez la Cr\u00e8me Cicalfate+ 2 fois par jour sur la zone irrit\u00e9e en massant l\u00e9g\u00e8rement.<\/li>\n<\/ul>\n","protected":false},"excerpt":{"rendered":"<p>Cette cr\u00e8me contient des actifs r\u00e9parateurs et assainissants qui procurent un soulagement imm\u00e9diat des inconforts cutan\u00e9s.<\/p>\n<p>Elle favorise \u00e9galement la r\u00e9paration* rapide des peaux sensibles et irrit\u00e9es en seulement 48 heures.<\/p>\n","protected":false},"featured_media":1482,"comment_status":"open","ping_status":"closed","template":"","meta":{"om_disable_all_campaigns":false,"_monsterinsights_skip_tracking":false,"_monsterinsights_sitenote_active":false,"_monsterinsights_sitenote_note":"","_monsterinsights_sitenote_category":0},"product_brand":[],"product_cat":[180,20,16,19,22,18],"product_tag":[],"class_list":{"0":"post-1576","1":"product","2":"type-product","3":"status-publish","4":"has-post-thumbnail","6":"product_cat-avene","7":"product_cat-bebe","8":"product_cat-boutique","9":"product_cat-corps","10":"product_cat-soin-de-peau","11":"product_cat-visage","12":"thunk-woo-product-list","13":"opn-qv-enable","14":"big-store-woo-hover-zoom","15":"open-single-product-tab-horizontal","16":"open-shadow-","17":"open-shadow-hover-","19":"first","20":"instock","21":"sale","22":"taxable","23":"shipping-taxable","24":"purchasable","25":"product-type-simple"},"aioseo_notices":[],"_links":{"self":[{"href":"https:\/\/para-orchidee.com\/index.php?rest_route=\/wp\/v2\/product\/1576","targetHints":{"allow":["GET"]}}],"collection":[{"href":"https:\/\/para-orchidee.com\/index.php?rest_route=\/wp\/v2\/product"}],"about":[{"href":"https:\/\/para-orchidee.com\/index.php?rest_route=\/wp\/v2\/types\/product"}],"replies":[{"embeddable":true,"href":"https:\/\/para-orchidee.com\/index.php?rest_route=%2Fwp%2Fv2%2Fcomments&post=1576"}],"wp:featuredmedia":[{"embeddable":true,"href":"https:\/\/para-orchidee.com\/index.php?rest_route=\/wp\/v2\/media\/1482"}],"wp:attachment":[{"href":"https:\/\/para-orchidee.com\/index.php?rest_route=%2Fwp%2Fv2%2Fmedia&parent=1576"}],"wp:term":[{"taxonomy":"product_brand","embeddable":true,"href":"https:\/\/para-orchidee.com\/index.php?rest_route=%2Fwp%2Fv2%2Fproduct_brand&post=1576"},{"taxonomy":"product_cat","embeddable":true,"href":"https:\/\/para-orchidee.com\/index.php?rest_route=%2Fwp%2Fv2%2Fproduct_cat&post=1576"},{"taxonomy":"product_tag","embeddable":true,"href":"https:\/\/para-orchidee.com\/index.php?rest_route=%2Fwp%2Fv2%2Fproduct_tag&post=1576"}],"curies":[{"name":"wp","href":"https:\/\/api.w.org\/{rel}","templated":true}]}}