{"id":1578,"date":"2024-12-17T23:22:56","date_gmt":"2024-12-17T23:22:56","guid":{"rendered":"https:\/\/xn--Para-orchide-leb.com\/?product=cleanance-comedomed-concentre-anti-imperfections-30-ml"},"modified":"2024-12-20T14:57:46","modified_gmt":"2024-12-20T14:57:46","slug":"cleanance-comedomed-concentre-anti-imperfections-30-ml","status":"publish","type":"product","link":"https:\/\/para-orchidee.com\/?product=cleanance-comedomed-concentre-anti-imperfections-30-ml&lang=fr","title":{"rendered":"CLEANANCE COMEDOMED CONCENTR\u00c9 ANTI-IMPERFECTIONS &#8211; 30 ml"},"content":{"rendered":"<p>Soin concentr\u00e9 \u00e0 l&rsquo;efficacit\u00e9 anti-imperfections RAPIDE ET DURABLE.<br \/>\n<strong>NOUVELLE APPROCHE<\/strong> : Il combat les boutons et limite leur r\u00e9cidive en agissant \u00e0 la racine. <strong>Efficacit\u00e9 prouv\u00e9e d\u00e8s 7 jours<\/strong>*.<\/p>\n<p><strong>Innovation actifs :<\/strong><br \/>\n<strong>COMEDOCLASTIN<\/strong> : actif v\u00e9g\u00e9tal extrait de graine de chardon marie aux propri\u00e9t\u00e9s brevet\u00e9es** qui agit \u00e0 la source pour r\u00e9duire boutons et limite leur r\u00e9-apparition.<br \/>\n<strong>EAU THERMALE D&rsquo;AV\u00c8NE :<\/strong> actif naturel et unique qui restitue toutes ses propri\u00e9t\u00e9s apaisantes et anti-irritantes.<br \/>\n<strong>TEXTURE L\u00c9G\u00c8RE<\/strong> pl\u00e9biscit\u00e9e par ses utilisateurs***:<br \/>\n92% de p\u00e9n\u00e9tration rapide<br \/>\nLa peau est <strong>NETTE<\/strong>,<strong> LES PORES RESSER\u00c9S<\/strong> ET <strong>LES IMPERFECTIONS DIMINU\u00c9ES<\/strong><\/p>\n<p>*.Etude de tol\u00e9rance et efficacit\u00e9 r\u00e9alis\u00e9es sur 51 sujets pr\u00e9sentant des imperfections l\u00e9g\u00e8res \u00e0 mod\u00e9r\u00e9es. Application de Cleanance Comedomed seul 2 fois par jour pendant 56 jours.<br \/>\n***. Satisfaction \u00e0 7 jours, 51 personnes, 2 applications par jour.<br \/>\n**brevet d\u00e9pos\u00e9<\/p>\n","protected":false},"excerpt":{"rendered":"<p>Un soin unique qui<strong> r\u00e9duit les boutons<\/strong> et <strong>points noirs existants<\/strong> et <strong>limite l&rsquo;apparition de nouvelles imperfections<\/strong> gr\u00e2ce \u00e0 son effet <strong>comedo-reverse anti-boutons<\/strong> et <strong>anti-r\u00e9cidive<\/strong>.<\/p>\n","protected":false},"featured_media":1444,"comment_status":"open","ping_status":"closed","template":"","meta":{"om_disable_all_campaigns":false,"_monsterinsights_skip_tracking":false,"_monsterinsights_sitenote_active":false,"_monsterinsights_sitenote_note":"","_monsterinsights_sitenote_category":0},"product_brand":[],"product_cat":[180,16,22,18],"product_tag":[],"class_list":{"0":"post-1578","1":"product","2":"type-product","3":"status-publish","4":"has-post-thumbnail","6":"product_cat-avene","7":"product_cat-boutique","8":"product_cat-soin-de-peau","9":"product_cat-visage","10":"thunk-woo-product-list","11":"opn-qv-enable","12":"big-store-woo-hover-zoom","13":"open-single-product-tab-horizontal","14":"open-shadow-","15":"open-shadow-hover-","17":"first","18":"instock","19":"sale","20":"taxable","21":"shipping-taxable","22":"purchasable","23":"product-type-simple"},"aioseo_notices":[],"_links":{"self":[{"href":"https:\/\/para-orchidee.com\/index.php?rest_route=\/wp\/v2\/product\/1578","targetHints":{"allow":["GET"]}}],"collection":[{"href":"https:\/\/para-orchidee.com\/index.php?rest_route=\/wp\/v2\/product"}],"about":[{"href":"https:\/\/para-orchidee.com\/index.php?rest_route=\/wp\/v2\/types\/product"}],"replies":[{"embeddable":true,"href":"https:\/\/para-orchidee.com\/index.php?rest_route=%2Fwp%2Fv2%2Fcomments&post=1578"}],"wp:featuredmedia":[{"embeddable":true,"href":"https:\/\/para-orchidee.com\/index.php?rest_route=\/wp\/v2\/media\/1444"}],"wp:attachment":[{"href":"https:\/\/para-orchidee.com\/index.php?rest_route=%2Fwp%2Fv2%2Fmedia&parent=1578"}],"wp:term":[{"taxonomy":"product_brand","embeddable":true,"href":"https:\/\/para-orchidee.com\/index.php?rest_route=%2Fwp%2Fv2%2Fproduct_brand&post=1578"},{"taxonomy":"product_cat","embeddable":true,"href":"https:\/\/para-orchidee.com\/index.php?rest_route=%2Fwp%2Fv2%2Fproduct_cat&post=1578"},{"taxonomy":"product_tag","embeddable":true,"href":"https:\/\/para-orchidee.com\/index.php?rest_route=%2Fwp%2Fv2%2Fproduct_tag&post=1578"}],"curies":[{"name":"wp","href":"https:\/\/api.w.org\/{rel}","templated":true}]}}