{"id":1587,"date":"2024-12-17T23:21:34","date_gmt":"2024-12-17T23:21:34","guid":{"rendered":"https:\/\/xn--Para-orchide-leb.com\/?product=hyaluron-activ-b3-serum-concentre-repulpant-30-ml"},"modified":"2024-12-29T13:18:57","modified_gmt":"2024-12-29T13:18:57","slug":"hyaluron-activ-b3-serum-concentre-repulpant-30-ml","status":"publish","type":"product","link":"https:\/\/para-orchidee.com\/?product=hyaluron-activ-b3-serum-concentre-repulpant-30-ml&lang=fr","title":{"rendered":"HYALURON ACTIV B3 S\u00e9rum &#8211; 30 ml"},"content":{"rendered":"<p>Les laboratoires dermatologiques Av\u00e8ne cr\u00e9ent <strong>le s\u00e9rum Hyaluron Activ B3<\/strong>, hautement concentr\u00e9 en <strong>acide hyaluronique<\/strong> pur (1,5% : haut poids mol\u00e9culaire et poids interm\u00e9diaire) et <strong>niacinamide<\/strong> (6%) pour agir sur la cause du vieillissement et prolonger la vie des cellules*.<\/p>\n<p>Gr\u00e2ce \u00e0 sa formule minimaliste contenant uniquement 8 ingr\u00e9dients, ce s\u00e9rum apporte un effet tenseur d\u00e8s 15 jours.<\/p>\n<p>D\u00e8s 15 jours, la peau est repulp\u00e9e, plus ferme et plus \u00e9lastique**: <strong>v\u00e9ritable efficacit\u00e9 \u00e0 l&rsquo;\u00e9tat pur<\/strong>.<\/p>\n<p>Test\u00e9 sur peaux sensibles, ce soin sans parfum est adapt\u00e9 \u00e0 toutes les zones du visage, m\u00eame le contour de l&rsquo;oeil.<\/p>\n<p>Le s\u00e9rum concentr\u00e9 repulpant <strong>Hyaluron Activ B3<\/strong> est un soin \u00e9co-con\u00e7u contenant 94% d&rsquo;ingr\u00e9dients d&rsquo;origine naturelle<\/p>\n<p><strong>B\u00e9n\u00e9fices<\/strong><br \/>\n\u2022<strong> EFFET TENSEUR<\/strong> imm\u00e9diat gr\u00e2ce \u00e0 sa tr\u00e8s haute concentration en acide hyaluronique 1,5%)<br \/>\n\u2022 <strong>REPULPE<\/strong> la peau d\u00e8s 4 heures**<br \/>\n\u2022 <strong>CORRIGE<\/strong> les rides d\u00e8s 15 jours**<\/p>\n<p><strong>Environnement<\/strong><br \/>\nFiche produit relative aux qualit\u00e9s et caract\u00e9ristiques environnementales<\/p>\n<p>*test in vitro, gr\u00e2ce au niacinamide.<br \/>\n**% satisfaction, 128 utilisatrices.<\/p>\n","protected":false},"excerpt":{"rendered":"<p>Le s\u00e9rum concentr\u00e9 en<strong> acide hyaluronique<\/strong> pur (<strong>1,5%<\/strong>) et<strong> niacinamide<\/strong> (<strong>6%<\/strong>) pour agir sur la cause du vieillissement.<\/p>\n","protected":false},"featured_media":1460,"comment_status":"open","ping_status":"closed","template":"","meta":{"om_disable_all_campaigns":false,"_monsterinsights_skip_tracking":false,"_monsterinsights_sitenote_active":false,"_monsterinsights_sitenote_note":"","_monsterinsights_sitenote_category":0},"product_brand":[],"product_cat":[180,16,22,18],"product_tag":[],"class_list":{"0":"post-1587","1":"product","2":"type-product","3":"status-publish","4":"has-post-thumbnail","6":"product_cat-avene","7":"product_cat-boutique","8":"product_cat-soin-de-peau","9":"product_cat-visage","10":"thunk-woo-product-list","11":"opn-qv-enable","12":"big-store-woo-hover-zoom","13":"open-single-product-tab-horizontal","14":"open-shadow-","15":"open-shadow-hover-","17":"first","18":"instock","19":"sale","20":"taxable","21":"shipping-taxable","22":"purchasable","23":"product-type-simple"},"aioseo_notices":[],"_links":{"self":[{"href":"https:\/\/para-orchidee.com\/index.php?rest_route=\/wp\/v2\/product\/1587","targetHints":{"allow":["GET"]}}],"collection":[{"href":"https:\/\/para-orchidee.com\/index.php?rest_route=\/wp\/v2\/product"}],"about":[{"href":"https:\/\/para-orchidee.com\/index.php?rest_route=\/wp\/v2\/types\/product"}],"replies":[{"embeddable":true,"href":"https:\/\/para-orchidee.com\/index.php?rest_route=%2Fwp%2Fv2%2Fcomments&post=1587"}],"wp:featuredmedia":[{"embeddable":true,"href":"https:\/\/para-orchidee.com\/index.php?rest_route=\/wp\/v2\/media\/1460"}],"wp:attachment":[{"href":"https:\/\/para-orchidee.com\/index.php?rest_route=%2Fwp%2Fv2%2Fmedia&parent=1587"}],"wp:term":[{"taxonomy":"product_brand","embeddable":true,"href":"https:\/\/para-orchidee.com\/index.php?rest_route=%2Fwp%2Fv2%2Fproduct_brand&post=1587"},{"taxonomy":"product_cat","embeddable":true,"href":"https:\/\/para-orchidee.com\/index.php?rest_route=%2Fwp%2Fv2%2Fproduct_cat&post=1587"},{"taxonomy":"product_tag","embeddable":true,"href":"https:\/\/para-orchidee.com\/index.php?rest_route=%2Fwp%2Fv2%2Fproduct_tag&post=1587"}],"curies":[{"name":"wp","href":"https:\/\/api.w.org\/{rel}","templated":true}]}}