{"id":1607,"date":"2024-12-17T23:20:20","date_gmt":"2024-12-17T23:20:20","guid":{"rendered":"https:\/\/xn--Para-orchide-leb.com\/?product=avene-fluide-solaire-spf-50-50-ml"},"modified":"2024-12-22T22:05:11","modified_gmt":"2024-12-22T22:05:11","slug":"avene-fluide-solaire-spf-50-50-ml","status":"publish","type":"product","link":"https:\/\/para-orchidee.com\/?product=avene-fluide-solaire-spf-50-50-ml&lang=fr","title":{"rendered":"Fluide solaire SPF 50+ &#8211; 50 ml"},"content":{"rendered":"<p>Le Fluide SPF 50+ offre une protection solaire quotidienne ultra large spectre.<\/p>\n<p>Il est id\u00e9al pour la peau sensible normale \u00e0 mixte du visage. Sa texture l\u00e9g\u00e8re permet une p\u00e9n\u00e9tration en 3 secondes\u00b2 et laisse un fini invisible sur la peau.<\/p>\n<p>Le Fluide SPF 50+ laisse sur la peau un fini imperceptible et non brillant \u00e0 l\u2019application et constitue une excellente base de maquillage au quotidien.<\/p>\n<p>Sa formule est \u00e9galement r\u00e9sistante \u00e0 l&rsquo;eau.<\/p>\n<div class=\"c-product__key-feature\">\n<div class=\"c-product__key-feature-title\"><strong>Utilisable par<\/strong><\/div>\n<p style=\"padding-left: 40px;\">Adultes<\/p>\n<\/div>\n<div class=\"c-product__key-feature\">\n<div class=\"c-product__key-feature-title\"><strong>Phototype<\/strong><\/div>\n<p style=\"padding-left: 40px;\">Tous phototypes de I \u00e0 VI<\/p>\n<\/div>\n<div class=\"c-product__key-feature\">\n<div class=\"c-product__key-feature-title\"><strong>Type de peau<\/strong><\/div>\n<p style=\"padding-left: 40px;\">Peau normale &#8211; Peau mixte &#8211; Peau sensible<\/p>\n<\/div>\n<div class=\"c-product__key-feature\">\n<div class=\"c-product__key-feature-title\"><strong>Besoin<\/strong><\/div>\n<p style=\"padding-left: 40px;\">Photo-protection<\/p>\n<\/div>\n","protected":false},"excerpt":{"rendered":"<p>Une tr\u00e8s haute protection solaire SPF50+ pour la peau sensible normale \u00e0 mixte du visage.<\/p>\n<p>Formul\u00e9 avec TriAsorB\u2122, filtre solaire brevet\u00e9 qui prot\u00e8ge des UV et de la lumi\u00e8re bleue jusqu&rsquo;\u00e0 450 nm.<\/p>\n<hr \/>\n<div class=\"u-body-m-caption\">Protection ultra large spectre<br \/>\nFiltre brevet\u00e9 TriAsorB\u2122 : le 1er Filtre Organique Pierre Fabre qui prot\u00e8ge de la lumi\u00e8re bleue, au-del\u00e0 des UVs.<\/p>\n<hr \/>\n<div class=\"u-body-m-caption\">100% photostable*<br \/>\nR\u00e9sistant \u00e0 l\u2019eau<br \/>\nFormul\u00e9 pour limiter l&rsquo;impact sur le milieu marin**<br \/>\nNon com\u00e9dog\u00e8ne<\/div>\n<\/div>\n","protected":false},"featured_media":1429,"comment_status":"open","ping_status":"closed","template":"","meta":{"om_disable_all_campaigns":false,"_monsterinsights_skip_tracking":false,"_monsterinsights_sitenote_active":false,"_monsterinsights_sitenote_note":"","_monsterinsights_sitenote_category":0},"product_brand":[],"product_cat":[180,16,19,181,18],"product_tag":[],"class_list":{"0":"post-1607","1":"product","2":"type-product","3":"status-publish","4":"has-post-thumbnail","6":"product_cat-avene","7":"product_cat-boutique","8":"product_cat-corps","9":"product_cat-protection-solaire","10":"product_cat-visage","11":"thunk-woo-product-list","12":"opn-qv-enable","13":"big-store-woo-hover-zoom","14":"open-single-product-tab-horizontal","15":"open-shadow-","16":"open-shadow-hover-","18":"first","19":"instock","20":"sale","21":"taxable","22":"shipping-taxable","23":"purchasable","24":"product-type-simple"},"aioseo_notices":[],"_links":{"self":[{"href":"https:\/\/para-orchidee.com\/index.php?rest_route=\/wp\/v2\/product\/1607","targetHints":{"allow":["GET"]}}],"collection":[{"href":"https:\/\/para-orchidee.com\/index.php?rest_route=\/wp\/v2\/product"}],"about":[{"href":"https:\/\/para-orchidee.com\/index.php?rest_route=\/wp\/v2\/types\/product"}],"replies":[{"embeddable":true,"href":"https:\/\/para-orchidee.com\/index.php?rest_route=%2Fwp%2Fv2%2Fcomments&post=1607"}],"wp:featuredmedia":[{"embeddable":true,"href":"https:\/\/para-orchidee.com\/index.php?rest_route=\/wp\/v2\/media\/1429"}],"wp:attachment":[{"href":"https:\/\/para-orchidee.com\/index.php?rest_route=%2Fwp%2Fv2%2Fmedia&parent=1607"}],"wp:term":[{"taxonomy":"product_brand","embeddable":true,"href":"https:\/\/para-orchidee.com\/index.php?rest_route=%2Fwp%2Fv2%2Fproduct_brand&post=1607"},{"taxonomy":"product_cat","embeddable":true,"href":"https:\/\/para-orchidee.com\/index.php?rest_route=%2Fwp%2Fv2%2Fproduct_cat&post=1607"},{"taxonomy":"product_tag","embeddable":true,"href":"https:\/\/para-orchidee.com\/index.php?rest_route=%2Fwp%2Fv2%2Fproduct_tag&post=1607"}],"curies":[{"name":"wp","href":"https:\/\/api.w.org\/{rel}","templated":true}]}}