{"id":1667,"date":"2024-12-17T23:24:35","date_gmt":"2024-12-17T23:24:35","guid":{"rendered":"https:\/\/xn--Para-orchide-leb.com\/?post_type=product&#038;p=1667"},"modified":"2024-12-19T17:44:58","modified_gmt":"2024-12-19T17:44:58","slug":"biology-ac-hydra-40-ml-2","status":"publish","type":"product","link":"https:\/\/para-orchidee.com\/?product=biology-ac-hydra-40-ml-2&lang=en","title":{"rendered":"BIOLOGY AC HYDRA &#8211; 40 ml"},"content":{"rendered":"<p>This<strong> dermatological<\/strong> &amp; <strong>certified organic<\/strong> moisturizing treatment compensates for the drying and irritating effect of treatments for oily, acne-prone skin. It soothes spots and redness and helps restore softness, suppleness and comfort. Thanks to its dual ultra-soothing and compensating action (in combination with drying treatments), this daily-use cream limits excessive flaking and feelings of tightness. Its formula protects the skin barrier against pollution, helps weakened skin to rebalance and moisturizes for 48 hours*. Made from 99% natural ingredients including Rhealba\u00ae Oat from organic farming, this creamy cream, with a matte finish and a gentle plant fragrance, reduces red and brown marks.<br \/>\nTested in combination with the main topical and oral treatments for acne-prone skin, <strong>Biology AC Hydra<\/strong> is suitable for pre-teens from 9 years old, teenagers and adults.<br \/>\n<strong>Vegan Info:<\/strong> no ingredients of animal origin.<\/p>\n<p><strong>Advantage<\/strong><br \/>\nA certified organic treatment that compensates for the effects of drying and irritating treatments and helps fragile skin to rebalance itself.<\/p>\n<p><strong>Benefits<\/strong><br \/>\n\u2022 <strong>COMPENSATES<\/strong> for the effects of drying and irritating treatments.<br \/>\n\u2022 Immediately <strong>SOOTHES<\/strong> red spots.<br \/>\n\u2022 <strong>HYDRATES<\/strong> fragile skin and reduces red and brown marks.<\/p>\n","protected":false},"excerpt":{"rendered":"<p><strong>BIOLOGY AC Hydra<\/strong><br \/>\nApaise &#8211; Hydrate &#8211; Compense les effets des traitements dess\u00e9chants<\/p>\n<p>Soin hydratant dermatologique &amp; certifi\u00e9 bio pour compenser l&rsquo;effet dess\u00e9chant des traitements des peaux \u00e0 tendance acn\u00e9ique. Apaise les boutons et les rougeurs.<\/p>\n<p>Un soin <strong>certifi\u00e9 bio<\/strong> qui compense les effets des traitements et hydrate 48h*<\/p>\n<p>99 % d\u2019ingr\u00e9dients d\u2019origine naturelle. <strong>Avoine Rhealba\u00ae<\/strong> issue de l\u2019agriculture biologique<\/p>\n<p><strong>Type de peau<\/strong><br \/>\nPeau \u00e0 tendance acn\u00e9ique<\/p>\n","protected":false},"featured_media":1354,"comment_status":"open","ping_status":"closed","template":"","meta":{"om_disable_all_campaigns":false,"_monsterinsights_skip_tracking":false,"_monsterinsights_sitenote_active":false,"_monsterinsights_sitenote_note":"","_monsterinsights_sitenote_category":0},"product_brand":[],"product_cat":[179,16,22,18],"product_tag":[],"class_list":{"0":"post-1667","1":"product","2":"type-product","3":"status-publish","4":"has-post-thumbnail","6":"product_cat-aderma","7":"product_cat-boutique","8":"product_cat-soin-de-peau","9":"product_cat-visage","10":"thunk-woo-product-list","11":"opn-qv-enable","12":"big-store-woo-hover-zoom","13":"open-single-product-tab-horizontal","14":"open-shadow-","15":"open-shadow-hover-","17":"first","18":"instock","19":"sale","20":"taxable","21":"shipping-taxable","22":"purchasable","23":"product-type-simple"},"aioseo_notices":[],"_links":{"self":[{"href":"https:\/\/para-orchidee.com\/index.php?rest_route=\/wp\/v2\/product\/1667","targetHints":{"allow":["GET"]}}],"collection":[{"href":"https:\/\/para-orchidee.com\/index.php?rest_route=\/wp\/v2\/product"}],"about":[{"href":"https:\/\/para-orchidee.com\/index.php?rest_route=\/wp\/v2\/types\/product"}],"replies":[{"embeddable":true,"href":"https:\/\/para-orchidee.com\/index.php?rest_route=%2Fwp%2Fv2%2Fcomments&post=1667"}],"wp:featuredmedia":[{"embeddable":true,"href":"https:\/\/para-orchidee.com\/index.php?rest_route=\/wp\/v2\/media\/1354"}],"wp:attachment":[{"href":"https:\/\/para-orchidee.com\/index.php?rest_route=%2Fwp%2Fv2%2Fmedia&parent=1667"}],"wp:term":[{"taxonomy":"product_brand","embeddable":true,"href":"https:\/\/para-orchidee.com\/index.php?rest_route=%2Fwp%2Fv2%2Fproduct_brand&post=1667"},{"taxonomy":"product_cat","embeddable":true,"href":"https:\/\/para-orchidee.com\/index.php?rest_route=%2Fwp%2Fv2%2Fproduct_cat&post=1667"},{"taxonomy":"product_tag","embeddable":true,"href":"https:\/\/para-orchidee.com\/index.php?rest_route=%2Fwp%2Fv2%2Fproduct_tag&post=1667"}],"curies":[{"name":"wp","href":"https:\/\/api.w.org\/{rel}","templated":true}]}}