{"id":2097,"date":"2025-01-07T10:36:36","date_gmt":"2025-01-07T10:36:36","guid":{"rendered":"https:\/\/xn--Para-orchide-leb.com\/?product=eau-thermale-de-la-roche-posay-150ml"},"modified":"2025-01-15T14:45:22","modified_gmt":"2025-01-15T14:45:22","slug":"eau-thermale-de-la-roche-posay-150ml","status":"publish","type":"product","link":"https:\/\/para-orchidee.com\/?product=eau-thermale-de-la-roche-posay-150ml&lang=fr","title":{"rendered":"Eau Thermale de La Roche-Posay 150ML"},"content":{"rendered":"<p>Caract\u00e9ristiques :<br \/>\nParfaite pour apaiser les peaux sensibles ou irrit\u00e9es, l\u2019eau thermale de La Roche-Posay poss\u00e8de de nombreux autres usages :<\/p>\n<p>\u2013 Elle est apaisante et calme les irritations et les sensations d\u2019\u00e9chauffement.<br \/>\n\u2013 Elle tonifie l\u2019\u00e9piderme apr\u00e8s la toilette (elle constitue de ce fait un excellent soin tonique apr\u00e8s l\u2019usage d\u2019un nettoyant visage).<br \/>\n\u2013 Elle soulage les d\u00e9mangeaisons et les rougeurs.<br \/>\n\u2013 Antioxydante, elle pr\u00e9serve l\u2019\u00e9piderme de l\u2019action des radicaux libres.<br \/>\n\u2013 Elle apaise et soigne les peaux fragilis\u00e9es (par exemple, apr\u00e8s une petite op\u00e9ration dermatologique).<br \/>\n\u2013 Gr\u00e2ce au format brumisateur, elle offre un rafra\u00eechissement agr\u00e9able et pratique en cas de fortes chaleurs.<\/p>\n<p>Efficace sur les affections cutan\u00e9es comme le psoriasis ou l\u2019ecz\u00e9ma.<\/p>\n<p>S\u00e9curit\u00e9 :<br \/>\n\u2013 Sans Parfum.<br \/>\n\u2013 Sans Allerg\u00e8ne.<br \/>\n\u2013 pH Neutre.<br \/>\n\u2013 Convient aux adultes, aux enfants et aux nourrissons.<br \/>\n\u2013 Test\u00e9 sous contr\u00f4le dermatologique et p\u00e9diatrique.<\/p>\n<p>Ingr\u00e9dients &amp; Principes Actifs Cl\u00e9s :<br \/>\n\u2013 S\u00e9l\u00e9nium : antioxydant, il r\u00e9gule le syst\u00e8me immunitaire et joue un r\u00f4le anti-inflammatoire. Il apporte \u00e9galement une protection contre les UVA et les UVB.<br \/>\n\u2013 Silice : apaisante et cicatrisante, elle am\u00e9liore l\u2019\u00e9lasticit\u00e9 de la peau en la rendant plus souple.<br \/>\n\u2013 Bicarbonates et Calcium : apportent des \u00e9l\u00e9ments essentiels au renouvellement cellulaire.<\/p>\n<p>Conseils d\u2019Utilisation :<br \/>\nGarder le spray en milieu r\u00e9frig\u00e9r\u00e9 pour une action apaisante renforc\u00e9e.<\/p>\n<p>\u2013 Vaporisez sur le corps et\/ou le visage.<br \/>\n\u2013 Laissez les gouttelettes p\u00e9n\u00e9trer pendant 2 ou 3 minutes.<br \/>\n\u2013 Epongez doucement l\u2019exc\u00e9dent.<\/p>\n<p>Efficacit\u00e9 :<br \/>\nDes propri\u00e9t\u00e9s apaisantes et anti-irritantes cliniquement prouv\u00e9es.<\/p>\n<p>L\u2019Eau Thermale de La Roche-Posay a fait l\u2019objet de 9 \u00e9tudes scientifiques exclusives men\u00e9es par le Laboratoire Dermatologique La Roche-Posay :<\/p>\n<p>\u2013 soulage les sensations d\u2019\u00e9chauffement<br \/>\n\u2013 apaise la peau de toute la famille<br \/>\n\u2013 tonifie la peau apr\u00e8s le nettoyage<br \/>\n\u2013 soulage les irritations et les d\u00e9mangeaisons<br \/>\n\u2013 apaise les rougeurs<br \/>\n\u2013 adoucit la peau<br \/>\n\u2013 prot\u00e8ge la peau des radicaux libres<br \/>\n\u2013 apaise la peau apr\u00e8s des interventions esth\u00e9tiques<\/p>\n<p>Composition :<br \/>\nLes listes d\u2019ingr\u00e9dients entrant dans la composition des produits de notre marque sont r\u00e9guli\u00e8rement mises \u00e0 jour. Avant d\u2019utiliser un produit de notre marque, vous \u00eates invit\u00e9s \u00e0 lire la liste d\u2019ingr\u00e9dients figurant sur son emballage afin de vous assurer que les ingr\u00e9dients sont adapt\u00e9s \u00e0 votre utilisation personnelle.<\/p>\n","protected":false},"excerpt":{"rendered":"<p>LA ROCHE POSAY EAU THERMALE : apaise les peaux sensibles et irrit\u00e9es, et contribue \u00e0 pr\u00e9venir le vieillissement cutan\u00e9.<\/p>\n","protected":false},"featured_media":2344,"comment_status":"open","ping_status":"closed","template":"","meta":{"om_disable_all_campaigns":false,"_monsterinsights_skip_tracking":false,"_monsterinsights_sitenote_active":false,"_monsterinsights_sitenote_note":"","_monsterinsights_sitenote_category":0},"product_brand":[],"product_cat":[256,20,16,19,22,18],"product_tag":[],"class_list":{"0":"post-2097","1":"product","2":"type-product","3":"status-publish","4":"has-post-thumbnail","6":"product_cat-la-roche-posay","7":"product_cat-bebe","8":"product_cat-boutique","9":"product_cat-corps","10":"product_cat-soin-de-peau","11":"product_cat-visage","12":"thunk-woo-product-list","13":"opn-qv-enable","14":"big-store-woo-hover-zoom","15":"open-single-product-tab-horizontal","16":"open-shadow-","17":"open-shadow-hover-","19":"first","20":"instock","21":"sale","22":"taxable","23":"shipping-taxable","24":"purchasable","25":"product-type-simple"},"aioseo_notices":[],"_links":{"self":[{"href":"https:\/\/para-orchidee.com\/index.php?rest_route=\/wp\/v2\/product\/2097","targetHints":{"allow":["GET"]}}],"collection":[{"href":"https:\/\/para-orchidee.com\/index.php?rest_route=\/wp\/v2\/product"}],"about":[{"href":"https:\/\/para-orchidee.com\/index.php?rest_route=\/wp\/v2\/types\/product"}],"replies":[{"embeddable":true,"href":"https:\/\/para-orchidee.com\/index.php?rest_route=%2Fwp%2Fv2%2Fcomments&post=2097"}],"wp:featuredmedia":[{"embeddable":true,"href":"https:\/\/para-orchidee.com\/index.php?rest_route=\/wp\/v2\/media\/2344"}],"wp:attachment":[{"href":"https:\/\/para-orchidee.com\/index.php?rest_route=%2Fwp%2Fv2%2Fmedia&parent=2097"}],"wp:term":[{"taxonomy":"product_brand","embeddable":true,"href":"https:\/\/para-orchidee.com\/index.php?rest_route=%2Fwp%2Fv2%2Fproduct_brand&post=2097"},{"taxonomy":"product_cat","embeddable":true,"href":"https:\/\/para-orchidee.com\/index.php?rest_route=%2Fwp%2Fv2%2Fproduct_cat&post=2097"},{"taxonomy":"product_tag","embeddable":true,"href":"https:\/\/para-orchidee.com\/index.php?rest_route=%2Fwp%2Fv2%2Fproduct_tag&post=2097"}],"curies":[{"name":"wp","href":"https:\/\/api.w.org\/{rel}","templated":true}]}}