{"id":2130,"date":"2025-01-07T10:36:38","date_gmt":"2025-01-07T10:36:38","guid":{"rendered":"https:\/\/xn--Para-orchide-leb.com\/?product=toleriane-fluide-n10-30ml"},"modified":"2025-01-14T18:28:14","modified_gmt":"2025-01-14T18:28:14","slug":"toleriane-fluide-n10-30ml","status":"publish","type":"product","link":"https:\/\/para-orchidee.com\/?product=toleriane-fluide-n10-30ml&lang=fr","title":{"rendered":"TOLERIANE FLUIDE N\u00b010 30ml"},"content":{"rendered":"<p>Notre innovation, le fond de teint Toleriane Fluide Correcteur enrichi en pigments min\u00e9raux<\/p>\n<p>B\u00c9N\u00c9FICES<br \/>\nLe fond de teint Toleriane Fluide Correcteur est un fond de teint ultra haute couvrance, test\u00e9 sur peaux sensibles avec des marques cutan\u00e9es et adapt\u00e9 aux peaux \u00e0 tendance acn\u00e9ique et \u00e0 tendance atopique. Il offre une couvrance longue tenue de 16h et une correction imm\u00e9diate. Le teint est visiblement unifi\u00e9 pour un r\u00e9sultat naturel.<\/p>\n<p>Protection SPF 25.<\/p>\n<p>Sp\u00e9cialement con\u00e7u pour les peaux sensibles et allergiques. Soumis \u00e0 des tests d\u2019allergies. Test\u00e9 sur des patients atteints de cancer, il a \u00e9t\u00e9 prouv\u00e9 qu&rsquo;il am\u00e9liore le confort de la peau.<\/p>\n<p>INDICATION<\/p>\n<ul>\n<li>Tous types de peaux<\/li>\n<li>\u00c0 tendance acn\u00e9ique<\/li>\n<li>\u00c0 tendance atopique<\/li>\n<li>Sensible<\/li>\n<\/ul>\n<p>1\/ COUVRE LES IMPERFECTIONS VISIBLES 96%*<\/p>\n<p>2\/ TEXTURE \u00c9TIRABLE 92%*<\/p>\n<p>3\/ LONGUE TENUE 90%**<\/p>\n","protected":false},"excerpt":{"rendered":"<p>Une formule haute couvrance sp\u00e9cialement con\u00e7ue pour les peaux sensibles, offrant un fini impeccable tout en respectant la fragilit\u00e9 de la peau.<\/p>\n","protected":false},"featured_media":1922,"comment_status":"open","ping_status":"closed","template":"","meta":{"om_disable_all_campaigns":false,"_monsterinsights_skip_tracking":false,"_monsterinsights_sitenote_active":false,"_monsterinsights_sitenote_note":"","_monsterinsights_sitenote_category":0},"product_brand":[],"product_cat":[256,16,18],"product_tag":[],"class_list":{"0":"post-2130","1":"product","2":"type-product","3":"status-publish","4":"has-post-thumbnail","6":"product_cat-la-roche-posay","7":"product_cat-boutique","8":"product_cat-visage","9":"thunk-woo-product-list","10":"opn-qv-enable","11":"big-store-woo-hover-zoom","12":"open-single-product-tab-horizontal","13":"open-shadow-","14":"open-shadow-hover-","16":"first","17":"instock","18":"sale","19":"taxable","20":"shipping-taxable","21":"purchasable","22":"product-type-simple"},"aioseo_notices":[],"_links":{"self":[{"href":"https:\/\/para-orchidee.com\/index.php?rest_route=\/wp\/v2\/product\/2130","targetHints":{"allow":["GET"]}}],"collection":[{"href":"https:\/\/para-orchidee.com\/index.php?rest_route=\/wp\/v2\/product"}],"about":[{"href":"https:\/\/para-orchidee.com\/index.php?rest_route=\/wp\/v2\/types\/product"}],"replies":[{"embeddable":true,"href":"https:\/\/para-orchidee.com\/index.php?rest_route=%2Fwp%2Fv2%2Fcomments&post=2130"}],"wp:featuredmedia":[{"embeddable":true,"href":"https:\/\/para-orchidee.com\/index.php?rest_route=\/wp\/v2\/media\/1922"}],"wp:attachment":[{"href":"https:\/\/para-orchidee.com\/index.php?rest_route=%2Fwp%2Fv2%2Fmedia&parent=2130"}],"wp:term":[{"taxonomy":"product_brand","embeddable":true,"href":"https:\/\/para-orchidee.com\/index.php?rest_route=%2Fwp%2Fv2%2Fproduct_brand&post=2130"},{"taxonomy":"product_cat","embeddable":true,"href":"https:\/\/para-orchidee.com\/index.php?rest_route=%2Fwp%2Fv2%2Fproduct_cat&post=2130"},{"taxonomy":"product_tag","embeddable":true,"href":"https:\/\/para-orchidee.com\/index.php?rest_route=%2Fwp%2Fv2%2Fproduct_tag&post=2130"}],"curies":[{"name":"wp","href":"https:\/\/api.w.org\/{rel}","templated":true}]}}