{"id":2131,"date":"2025-01-07T10:36:38","date_gmt":"2025-01-07T10:36:38","guid":{"rendered":"https:\/\/xn--Para-orchide-leb.com\/?product=toleriane-sensitive-soin-hydratant-apaisant-40ml"},"modified":"2025-01-14T18:36:47","modified_gmt":"2025-01-14T18:36:47","slug":"toleriane-sensitive-soin-hydratant-apaisant-40ml","status":"publish","type":"product","link":"https:\/\/para-orchidee.com\/?product=toleriane-sensitive-soin-hydratant-apaisant-40ml&lang=fr","title":{"rendered":"TOLERIANE SENSITIVE SOIN HYDRATANT APAISANT 40ML"},"content":{"rendered":"<p>La nouvelle hydratation dermatologique, si s\u00fbre qu&rsquo;elle convient aux b\u00e9b\u00e9s.<\/p>\n<p>Pour les peaux sensibles. Rougeurs occasionnelles, tiraillements, picotements, s\u00e9cheresse. Convient aux b\u00e9b\u00e9s.<\/p>\n<p>TOLERIANE SENSITIVE :<br \/>\n&#8211; Hydrate pendant 48 heures. Prot\u00e8ge la barri\u00e8re cutan\u00e9e au quotidien.<br \/>\n&#8211; Apaise et r\u00e9duit les irritations cutan\u00e9es. Diminue les sensations de tiraillements, de picotements, de s\u00e9cheresse et les rougeurs occasionnelles.<\/p>\n<p>Probl\u00e8mes cibl\u00e9s : Peaux ultra-sensibles ou avec des rougeurs<\/p>\n<p>Type de peau : Peaux sensibles \u00e0 tr\u00e8s sensibles normales \u00e0 mixtes<\/p>\n<p>\u00c2ge : D\u00e8s 3 ans<\/p>\n<p>ACTIFS APAISANTS ET PROTECTEURS<\/p>\n<ul>\n<li>[Glyc\u00e9rine] hydrate 48h.<\/li>\n<li>[C\u00e9ramide] r\u00e9pare et prot\u00e8ge la barri\u00e8re cutan\u00e9e.<\/li>\n<li>[Vitamine B3] apaise et r\u00e9duit la sensibilit\u00e9 cutan\u00e9e.<\/li>\n<li>[Eau thermale de La Roche-Posay] apaise et r\u00e9duit les irritations, aide \u00e0 maintenir la peau en bonne sant\u00e9.<\/li>\n<\/ul>\n<ol>\n<li>Non com\u00e9dog\u00e8ne.<\/li>\n<li>Non irritant\/non sensibilisant.<\/li>\n<li>Haute Tol\u00e9rance.<\/li>\n<li>Convient aux b\u00e9b\u00e9s.<\/li>\n<\/ol>\n","protected":false},"excerpt":{"rendered":"<p>La nouvelle g\u00e9n\u00e9ration d\u2019hydratation dermatologique, si douce et s\u00fbre qu\u2019elle est adapt\u00e9e m\u00eame \u00e0 la peau d\u00e9licate des b\u00e9b\u00e9s.<\/p>\n","protected":false},"featured_media":1927,"comment_status":"open","ping_status":"closed","template":"","meta":{"om_disable_all_campaigns":false,"_monsterinsights_skip_tracking":false,"_monsterinsights_sitenote_active":false,"_monsterinsights_sitenote_note":"","_monsterinsights_sitenote_category":0},"product_brand":[],"product_cat":[256,20,16,19,22,18],"product_tag":[],"class_list":{"0":"post-2131","1":"product","2":"type-product","3":"status-publish","4":"has-post-thumbnail","6":"product_cat-la-roche-posay","7":"product_cat-bebe","8":"product_cat-boutique","9":"product_cat-corps","10":"product_cat-soin-de-peau","11":"product_cat-visage","12":"thunk-woo-product-list","13":"opn-qv-enable","14":"big-store-woo-hover-zoom","15":"open-single-product-tab-horizontal","16":"open-shadow-","17":"open-shadow-hover-","19":"first","20":"instock","21":"sale","22":"taxable","23":"shipping-taxable","24":"purchasable","25":"product-type-simple"},"aioseo_notices":[],"_links":{"self":[{"href":"https:\/\/para-orchidee.com\/index.php?rest_route=\/wp\/v2\/product\/2131","targetHints":{"allow":["GET"]}}],"collection":[{"href":"https:\/\/para-orchidee.com\/index.php?rest_route=\/wp\/v2\/product"}],"about":[{"href":"https:\/\/para-orchidee.com\/index.php?rest_route=\/wp\/v2\/types\/product"}],"replies":[{"embeddable":true,"href":"https:\/\/para-orchidee.com\/index.php?rest_route=%2Fwp%2Fv2%2Fcomments&post=2131"}],"wp:featuredmedia":[{"embeddable":true,"href":"https:\/\/para-orchidee.com\/index.php?rest_route=\/wp\/v2\/media\/1927"}],"wp:attachment":[{"href":"https:\/\/para-orchidee.com\/index.php?rest_route=%2Fwp%2Fv2%2Fmedia&parent=2131"}],"wp:term":[{"taxonomy":"product_brand","embeddable":true,"href":"https:\/\/para-orchidee.com\/index.php?rest_route=%2Fwp%2Fv2%2Fproduct_brand&post=2131"},{"taxonomy":"product_cat","embeddable":true,"href":"https:\/\/para-orchidee.com\/index.php?rest_route=%2Fwp%2Fv2%2Fproduct_cat&post=2131"},{"taxonomy":"product_tag","embeddable":true,"href":"https:\/\/para-orchidee.com\/index.php?rest_route=%2Fwp%2Fv2%2Fproduct_tag&post=2131"}],"curies":[{"name":"wp","href":"https:\/\/api.w.org\/{rel}","templated":true}]}}