{"id":2497,"date":"2025-01-18T18:05:33","date_gmt":"2025-01-18T18:05:33","guid":{"rendered":"https:\/\/Para-orchid\u00e9e.com\/?product=normaderm-soin-correcteur-matifiant-50-ml"},"modified":"2025-01-20T22:40:00","modified_gmt":"2025-01-20T22:40:00","slug":"normaderm-soin-correcteur-matifiant-50-ml","status":"publish","type":"product","link":"https:\/\/para-orchidee.com\/?product=normaderm-soin-correcteur-matifiant-50-ml&lang=fr","title":{"rendered":"Normaderm soin correcteur matifiant &#8211; 50 ml"},"content":{"rendered":"<p>Vichy Normaderm Soin Correcteur Matifiant est une cr\u00e8me de jour sp\u00e9cialement formul\u00e9e pour les peaux mixtes \u00e0 grasses, offrant une hydratation durable de 24 heures tout en matifiant la peau. Gr\u00e2ce \u00e0 sa composition riche en actifs cibl\u00e9s, ce soin aide \u00e0 r\u00e9duire les imperfections, \u00e0 resserrer les pores et \u00e0 contr\u00f4ler l&rsquo;exc\u00e8s de s\u00e9bum. Il est id\u00e9al pour les personnes souffrant d&rsquo;acn\u00e9 ou de brillance cutan\u00e9e, permettant ainsi d&rsquo;obtenir un teint plus net et \u00e9clatant.<\/p>\n<p>L&rsquo;un des ingr\u00e9dients cl\u00e9s de cette cr\u00e8me est l&rsquo;acide salicylique, un b\u00eata-hydroxyacide qui exfolie en douceur la peau tout en ayant des propri\u00e9t\u00e9s anti-inflammatoires. Cela permet non seulement d&rsquo;\u00e9liminer les cellules mortes, mais aussi d&rsquo;apaiser les rougeurs et d&rsquo;\u00e9viter la prolif\u00e9ration des bact\u00e9ries responsables de l&rsquo;acn\u00e9. En compl\u00e9ment, l&rsquo;Air Licium\u2122, un puissant absorbant, aide \u00e0 contr\u00f4ler la brillance en capturant le s\u00e9bum et la sueur, garantissant ainsi un fini mat tout au long de la journ\u00e9e.<\/p>\n<p>Les r\u00e9sultats cliniques montrent une efficacit\u00e9 prouv\u00e9e : apr\u00e8s huit semaines d&rsquo;utilisation r\u00e9guli\u00e8re, les utilisateurs constatent une r\u00e9duction significative des imperfections et des marques r\u00e9siduelles.<\/p>\n<p>En effet, des \u00e9tudes ont r\u00e9v\u00e9l\u00e9 une diminution de 52 % des imperfections et de 27 % des marques r\u00e9siduelles sur le visage. Cette cr\u00e8me l\u00e9g\u00e8re p\u00e9n\u00e8tre rapidement dans la peau sans laisser de sensation grasse, ce qui en fait un produit agr\u00e9able \u00e0 utiliser au quotidien.<\/p>\n<p>Pour une utilisation optimale, il est recommand\u00e9 d&rsquo;appliquer une petite quantit\u00e9 de cr\u00e8me chaque matin sur une peau propre et s\u00e8che, en \u00e9vitant le contour des yeux.\u00a0Pour renforcer l&rsquo;efficacit\u00e9 du traitement anti-imperfections, il est conseill\u00e9 d&rsquo;associer ce soin avec d&rsquo;autres produits de la gamme Normaderm, tels que la solution micellaire ou un \u00e9cran solaire adapt\u00e9.<\/p>\n<p>Vichy Normaderm Soin Correcteur Matifiant est donc un alli\u00e9 pr\u00e9cieux dans la lutte contre les imperfections cutan\u00e9es et pour retrouver une peau saine et radieuse.<\/p>\n","protected":false},"excerpt":{"rendered":"<p>CR\u00c8ME DE JOUR HYDRATANTE MATIFIANTE ANTI-IMPERFECTIONS. PEAU MIXTE \u00c0 GRASSE. HYDRATE ET MATIFIE LA PEAU. CORRIGE LES IMPERFECTIONS. RESSERRE LES PORES.<\/p>\n","protected":false},"featured_media":2409,"comment_status":"closed","ping_status":"closed","template":"","meta":{"om_disable_all_campaigns":false,"_monsterinsights_skip_tracking":false,"_monsterinsights_sitenote_active":false,"_monsterinsights_sitenote_note":"","_monsterinsights_sitenote_category":0},"product_brand":[],"product_cat":[254,16,22,18],"product_tag":[],"class_list":{"0":"post-2497","1":"product","2":"type-product","3":"status-publish","4":"has-post-thumbnail","6":"product_cat-vichy","7":"product_cat-boutique","8":"product_cat-soin-de-peau","9":"product_cat-visage","10":"thunk-woo-product-list","11":"opn-qv-enable","12":"big-store-woo-hover-zoom","13":"open-single-product-tab-horizontal","14":"open-shadow-","15":"open-shadow-hover-","17":"first","18":"instock","19":"sale","20":"taxable","21":"shipping-taxable","22":"purchasable","23":"product-type-simple"},"aioseo_notices":[],"_links":{"self":[{"href":"https:\/\/para-orchidee.com\/index.php?rest_route=\/wp\/v2\/product\/2497","targetHints":{"allow":["GET"]}}],"collection":[{"href":"https:\/\/para-orchidee.com\/index.php?rest_route=\/wp\/v2\/product"}],"about":[{"href":"https:\/\/para-orchidee.com\/index.php?rest_route=\/wp\/v2\/types\/product"}],"replies":[{"embeddable":true,"href":"https:\/\/para-orchidee.com\/index.php?rest_route=%2Fwp%2Fv2%2Fcomments&post=2497"}],"wp:featuredmedia":[{"embeddable":true,"href":"https:\/\/para-orchidee.com\/index.php?rest_route=\/wp\/v2\/media\/2409"}],"wp:attachment":[{"href":"https:\/\/para-orchidee.com\/index.php?rest_route=%2Fwp%2Fv2%2Fmedia&parent=2497"}],"wp:term":[{"taxonomy":"product_brand","embeddable":true,"href":"https:\/\/para-orchidee.com\/index.php?rest_route=%2Fwp%2Fv2%2Fproduct_brand&post=2497"},{"taxonomy":"product_cat","embeddable":true,"href":"https:\/\/para-orchidee.com\/index.php?rest_route=%2Fwp%2Fv2%2Fproduct_cat&post=2497"},{"taxonomy":"product_tag","embeddable":true,"href":"https:\/\/para-orchidee.com\/index.php?rest_route=%2Fwp%2Fv2%2Fproduct_tag&post=2497"}],"curies":[{"name":"wp","href":"https:\/\/api.w.org\/{rel}","templated":true}]}}