{"id":2504,"date":"2025-01-18T18:05:33","date_gmt":"2025-01-18T18:05:33","guid":{"rendered":"https:\/\/Para-orchid\u00e9e.com\/?product=purete-thermale-eau-micellaire-minerale-peau-sensible-200ml"},"modified":"2025-01-20T22:40:00","modified_gmt":"2025-01-20T22:40:00","slug":"purete-thermale-eau-micellaire-minerale-peau-sensible-200ml","status":"publish","type":"product","link":"https:\/\/para-orchidee.com\/?product=purete-thermale-eau-micellaire-minerale-peau-sensible-200ml&lang=fr","title":{"rendered":"Puret\u00e9 Thermale Eau Micellaire Min\u00e9rale &#8211; 200ml"},"content":{"rendered":"<p>Vichy Puret\u00e9 Thermale Eau Micellaire Min\u00e9rale est un soin nettoyant sp\u00e9cialement con\u00e7u pour les peaux sensibles, offrant une solution douce et efficace pour le d\u00e9maquillage et le nettoyage du visage.<\/p>\n<p>Gr\u00e2ce \u00e0 sa technologie micellaire, cette eau micellaire capture les impuret\u00e9s, le s\u00e9bum et le maquillage sans n\u00e9cessiter de frottements ni de rin\u00e7age. Ce qui en fait un choix id\u00e9al pour les peaux r\u00e9actives souvent sujettes aux irritations et aux inconforts cutan\u00e9s.<\/p>\n<p>Avec un format de 200 ml, elle s&rsquo;int\u00e8gre facilement dans toute routine de soins.<\/p>\n<p>Enrichie en Eau Min\u00e9ralisante de Vichy, cette eau micellaire fortifie et revitalise la peau tout en pr\u00e9servant son hydratation naturelle. L&rsquo;ajout de panth\u00e9nol, connu pour ses propri\u00e9t\u00e9s apaisantes et r\u00e9paratrices, contribue \u00e0 maintenir l&rsquo;\u00e9lasticit\u00e9 de l&rsquo;\u00e9piderme. Les utilisateurs peuvent s&rsquo;attendre \u00e0 une peau plus douce et confortable apr\u00e8s chaque utilisation, gr\u00e2ce \u00e0 la combinaison d&rsquo;ingr\u00e9dients qui travaillent ensemble pour apaiser les d\u00e9s\u00e9quilibres cutan\u00e9s.<\/p>\n<p>Vichy Puret\u00e9 Thermale Eau Micellaire est \u00e9galement hypoallerg\u00e9nique et test\u00e9e sous contr\u00f4le dermatologique, garantissant sa s\u00e9curit\u00e9 m\u00eame pour les yeux sensibles et les porteurs de lentilles.<\/p>\n<p>Cette formule sans paraben respecte la barri\u00e8re naturelle de la peau, permettant un nettoyage en profondeur sans agresser. Elle est id\u00e9ale pour un usage quotidien, matin et soir.<\/p>\n<p>Pour utiliser ce produit, il suffit d&rsquo;imbiber un coton d&rsquo;eau micellaire et de passer d\u00e9licatement sur le visage pour \u00e9liminer le maquillage et les impuret\u00e9s. Pas besoin de rincer, ce qui rend son utilisation rapide et pratique. En int\u00e9grant Vichy Puret\u00e9 Thermale Eau Micellaire Min\u00e9rale dans votre routine beaut\u00e9, vous assurez une peau propre, apais\u00e9e et revitalis\u00e9e au quotidien.<\/p>\n<p>\u2022 Besoin : Nettoyer | Purifier | Peaux sensibles.<\/p>\n","protected":false},"excerpt":{"rendered":"<p>PURETE THERMALE Eau Micellaire Min\u00e9rale Peau Sensible \u00e9limine les impuret\u00e9s sur la surface de la peau, le s\u00e9bum et le maquillage.<\/p>\n","protected":false},"featured_media":2415,"comment_status":"closed","ping_status":"closed","template":"","meta":{"om_disable_all_campaigns":false,"_monsterinsights_skip_tracking":false,"_monsterinsights_sitenote_active":false,"_monsterinsights_sitenote_note":"","_monsterinsights_sitenote_category":0},"product_brand":[],"product_cat":[254,16,18],"product_tag":[],"class_list":{"0":"post-2504","1":"product","2":"type-product","3":"status-publish","4":"has-post-thumbnail","6":"product_cat-vichy","7":"product_cat-boutique","8":"product_cat-visage","9":"thunk-woo-product-list","10":"opn-qv-enable","11":"big-store-woo-hover-zoom","12":"open-single-product-tab-horizontal","13":"open-shadow-","14":"open-shadow-hover-","16":"first","17":"instock","18":"sale","19":"taxable","20":"shipping-taxable","21":"purchasable","22":"product-type-simple"},"aioseo_notices":[],"_links":{"self":[{"href":"https:\/\/para-orchidee.com\/index.php?rest_route=\/wp\/v2\/product\/2504","targetHints":{"allow":["GET"]}}],"collection":[{"href":"https:\/\/para-orchidee.com\/index.php?rest_route=\/wp\/v2\/product"}],"about":[{"href":"https:\/\/para-orchidee.com\/index.php?rest_route=\/wp\/v2\/types\/product"}],"replies":[{"embeddable":true,"href":"https:\/\/para-orchidee.com\/index.php?rest_route=%2Fwp%2Fv2%2Fcomments&post=2504"}],"wp:featuredmedia":[{"embeddable":true,"href":"https:\/\/para-orchidee.com\/index.php?rest_route=\/wp\/v2\/media\/2415"}],"wp:attachment":[{"href":"https:\/\/para-orchidee.com\/index.php?rest_route=%2Fwp%2Fv2%2Fmedia&parent=2504"}],"wp:term":[{"taxonomy":"product_brand","embeddable":true,"href":"https:\/\/para-orchidee.com\/index.php?rest_route=%2Fwp%2Fv2%2Fproduct_brand&post=2504"},{"taxonomy":"product_cat","embeddable":true,"href":"https:\/\/para-orchidee.com\/index.php?rest_route=%2Fwp%2Fv2%2Fproduct_cat&post=2504"},{"taxonomy":"product_tag","embeddable":true,"href":"https:\/\/para-orchidee.com\/index.php?rest_route=%2Fwp%2Fv2%2Fproduct_tag&post=2504"}],"curies":[{"name":"wp","href":"https:\/\/api.w.org\/{rel}","templated":true}]}}