{"id":2744,"date":"2025-03-13T14:31:05","date_gmt":"2025-03-13T14:31:05","guid":{"rendered":"https:\/\/para-orchidee.com\/?product=sweet-lemon-stick-levres-hydratant-4g"},"modified":"2025-03-14T23:36:21","modified_gmt":"2025-03-14T23:36:21","slug":"sweet-lemon-stick-levres-hydratant-4g","status":"publish","type":"product","link":"https:\/\/para-orchidee.com\/?product=sweet-lemon-stick-levres-hydratant-4g&lang=fr","title":{"rendered":"SWEET LEMON STICK LEVRES HYDRATANT 4G"},"content":{"rendered":"<p>Vous avez les l\u00e8vres vraiment tr\u00e8s s\u00e8ches, et cherchez une solution pour les apaiser et les adoucir ? Alors ne manquez pas le stick l\u00e8vres hydratant R\u00eave de Miel con\u00e7u par Nuxe !<\/p>\n<p>Le stick l\u00e8vres hydratant R\u00eave de Miel Nuxe est un stick \u00e0 l\u00e8vres hydratant formul\u00e9 notamment \u00e0 partir de miel, afin de r\u00e9parer les l\u00e8vres ab\u00eem\u00e9es, dess\u00e9ch\u00e9es et fendill\u00e9es. Gr\u00e2ce \u00e0 ce soin convenant pour les l\u00e8vres les plus s\u00e8ches, d\u00eetes adieu aux sensations de tiraillements et retrouvez le sourire !<\/p>\n<p>Le stick l\u00e8vres hydratant R\u00eave de Miel Nuxe est un soin pour les l\u00e8vres gerc\u00e9es, ab\u00eem\u00e9es et \/ ou ass\u00e9ch\u00e9es. Il vous assure dans le m\u00eame temps une protection efficace face aux agressions ext\u00e9rieures, telles que le froid m\u00eame extr\u00eame, le vent, etc.<\/p>\n","protected":false},"excerpt":{"rendered":"<p>Vous avez les l\u00e8vres vraiment tr\u00e8s s\u00e8ches, et cherchez une solution pour les apaiser et les adoucir ? Alors ne manquez pas le stick l\u00e8vres hydratant R\u00eave de Miel con\u00e7u par Nuxe !<\/p>\n","protected":false},"featured_media":2704,"comment_status":"open","ping_status":"closed","template":"","meta":{"om_disable_all_campaigns":false,"_monsterinsights_skip_tracking":false,"_monsterinsights_sitenote_active":false,"_monsterinsights_sitenote_note":"","_monsterinsights_sitenote_category":0},"product_brand":[],"product_cat":[255,16],"product_tag":[],"class_list":{"0":"post-2744","1":"product","2":"type-product","3":"status-publish","4":"has-post-thumbnail","6":"product_cat-nuxe","7":"product_cat-boutique","8":"thunk-woo-product-list","9":"opn-qv-enable","10":"big-store-woo-hover-zoom","11":"open-single-product-tab-horizontal","12":"open-shadow-","13":"open-shadow-hover-","15":"first","16":"instock","17":"sale","18":"taxable","19":"shipping-taxable","20":"purchasable","21":"product-type-simple"},"aioseo_notices":[],"_links":{"self":[{"href":"https:\/\/para-orchidee.com\/index.php?rest_route=\/wp\/v2\/product\/2744","targetHints":{"allow":["GET"]}}],"collection":[{"href":"https:\/\/para-orchidee.com\/index.php?rest_route=\/wp\/v2\/product"}],"about":[{"href":"https:\/\/para-orchidee.com\/index.php?rest_route=\/wp\/v2\/types\/product"}],"replies":[{"embeddable":true,"href":"https:\/\/para-orchidee.com\/index.php?rest_route=%2Fwp%2Fv2%2Fcomments&post=2744"}],"wp:featuredmedia":[{"embeddable":true,"href":"https:\/\/para-orchidee.com\/index.php?rest_route=\/wp\/v2\/media\/2704"}],"wp:attachment":[{"href":"https:\/\/para-orchidee.com\/index.php?rest_route=%2Fwp%2Fv2%2Fmedia&parent=2744"}],"wp:term":[{"taxonomy":"product_brand","embeddable":true,"href":"https:\/\/para-orchidee.com\/index.php?rest_route=%2Fwp%2Fv2%2Fproduct_brand&post=2744"},{"taxonomy":"product_cat","embeddable":true,"href":"https:\/\/para-orchidee.com\/index.php?rest_route=%2Fwp%2Fv2%2Fproduct_cat&post=2744"},{"taxonomy":"product_tag","embeddable":true,"href":"https:\/\/para-orchidee.com\/index.php?rest_route=%2Fwp%2Fv2%2Fproduct_tag&post=2744"}],"curies":[{"name":"wp","href":"https:\/\/api.w.org\/{rel}","templated":true}]}}