{"id":2788,"date":"2025-03-13T14:31:12","date_gmt":"2025-03-13T14:31:12","guid":{"rendered":"https:\/\/para-orchidee.com\/?product=men-gel-douche-multi-usages-200-ml"},"modified":"2025-03-14T00:04:40","modified_gmt":"2025-03-14T00:04:40","slug":"men-gel-douche-multi-usages-200-ml","status":"publish","type":"product","link":"https:\/\/para-orchidee.com\/?product=men-gel-douche-multi-usages-200-ml&lang=fr","title":{"rendered":"MEN GEL DOUCHE MULTI USAGES 200 ML"},"content":{"rendered":"<p>Avec sa base lavante d\u2019origine v\u00e9g\u00e9tale et son pH physiologique, ce gel douche, aux extraits de Ch\u00eane et de Charme, nettoie en douceur le visage, le corps et les cheveux. Il procure une v\u00e9ritable sensation \u00e9nergisante.<\/p>\n<p>CONSEILS D&rsquo;UTILISATION :<\/p>\n<p>Appliquer le Gel Douche matin et\/ou soir sur la peau du visage et du corps, ainsi que sur les cheveux humides.<\/p>\n<p>Faire mousser g\u00e9n\u00e9reusement puis rincer.<\/p>\n","protected":false},"excerpt":{"rendered":"<p>D\u00e9couvrez vite le Gel Douche Multi-Usages Nuxe Men, le gel douche 3-en-1 adapt\u00e9 \u00e0 toutes les situations et id\u00e9al pour les peaux les plus sensibles.<\/p>\n","protected":false},"featured_media":2642,"comment_status":"open","ping_status":"closed","template":"","meta":{"om_disable_all_campaigns":false,"_monsterinsights_skip_tracking":false,"_monsterinsights_sitenote_active":false,"_monsterinsights_sitenote_note":"","_monsterinsights_sitenote_category":0},"product_brand":[],"product_cat":[255,16],"product_tag":[],"class_list":{"0":"post-2788","1":"product","2":"type-product","3":"status-publish","4":"has-post-thumbnail","6":"product_cat-nuxe","7":"product_cat-boutique","8":"thunk-woo-product-list","9":"opn-qv-enable","10":"big-store-woo-hover-zoom","11":"open-single-product-tab-horizontal","12":"open-shadow-","13":"open-shadow-hover-","15":"first","16":"instock","17":"sale","18":"taxable","19":"shipping-taxable","20":"purchasable","21":"product-type-simple"},"aioseo_notices":[],"_links":{"self":[{"href":"https:\/\/para-orchidee.com\/index.php?rest_route=\/wp\/v2\/product\/2788","targetHints":{"allow":["GET"]}}],"collection":[{"href":"https:\/\/para-orchidee.com\/index.php?rest_route=\/wp\/v2\/product"}],"about":[{"href":"https:\/\/para-orchidee.com\/index.php?rest_route=\/wp\/v2\/types\/product"}],"replies":[{"embeddable":true,"href":"https:\/\/para-orchidee.com\/index.php?rest_route=%2Fwp%2Fv2%2Fcomments&post=2788"}],"wp:featuredmedia":[{"embeddable":true,"href":"https:\/\/para-orchidee.com\/index.php?rest_route=\/wp\/v2\/media\/2642"}],"wp:attachment":[{"href":"https:\/\/para-orchidee.com\/index.php?rest_route=%2Fwp%2Fv2%2Fmedia&parent=2788"}],"wp:term":[{"taxonomy":"product_brand","embeddable":true,"href":"https:\/\/para-orchidee.com\/index.php?rest_route=%2Fwp%2Fv2%2Fproduct_brand&post=2788"},{"taxonomy":"product_cat","embeddable":true,"href":"https:\/\/para-orchidee.com\/index.php?rest_route=%2Fwp%2Fv2%2Fproduct_cat&post=2788"},{"taxonomy":"product_tag","embeddable":true,"href":"https:\/\/para-orchidee.com\/index.php?rest_route=%2Fwp%2Fv2%2Fproduct_tag&post=2788"}],"curies":[{"name":"wp","href":"https:\/\/api.w.org\/{rel}","templated":true}]}}