{"id":2791,"date":"2025-03-13T14:31:12","date_gmt":"2025-03-13T14:31:12","guid":{"rendered":"https:\/\/para-orchidee.com\/?product=sun-lait-fraicheur-apres-soleil-200-ml"},"modified":"2025-03-14T00:15:00","modified_gmt":"2025-03-14T00:15:00","slug":"sun-lait-fraicheur-apres-soleil-200-ml","status":"publish","type":"product","link":"https:\/\/para-orchidee.com\/?product=sun-lait-fraicheur-apres-soleil-200-ml&lang=fr","title":{"rendered":"SUN LAIT FRAICHEUR APRES SOLEIL 200 ML"},"content":{"rendered":"<p>Lait Fraicheur Apr\u00e8s-Soleil visage et corps : Ce Lait Apr\u00e8s-Soleil visage et corps est le secret des peaux \u00e9chauff\u00e9es apr\u00e8s une journ\u00e9e d\u2019exposition. Sous l\u2019effet de son incroyable fra\u00eecheur, la peau est apais\u00e9e et r\u00e9par\u00e9e, son hydratation boost\u00e9e pendant 24H\u207d\u00b3\u207e. Sa texture fondante non collante sublime le h\u00e2le et le prolonge de 2 semaines\u207d\u2074\u207e. La peau est envelopp\u00e9e d&rsquo;un parfum d&rsquo;\u00e9vasion aux notes d&rsquo;Orange douce, de Fleur de Tiar\u00e9 et de Vanille. Une irr\u00e9sistible invitation \u00e0 profiter de l&rsquo;\u00e9t\u00e9.<\/p>\n<p>Soins formul\u00e9s et fabriqu\u00e9 en France.<br \/>\nNon com\u00e9dog\u00e8ne.<\/p>\n<p>Conseils d&rsquo;utilisation :<br \/>\nAppliquez g\u00e9n\u00e9reusement le lait chaque soir apr\u00e8s l\u2019exposition au soleil, puis au retour des vacances.<\/p>\n<p>Formule :<br \/>\nL&rsquo;Extrait de Graines de Caroube : active et prolonge le bronzage.<br \/>\nDes extraits d&rsquo;origine naturelle de Riz, Romarin et de la vitamine E : r\u00e9put\u00e9s pour leur pouvoir anti-oxydant, ils contribuent \u00e0 la protection cellulaire anti-\u00e2ge de la peau.<br \/>\nUn extrait de Jacinthe d\u2019Eau (brevet FR) et de la Glyc\u00e9rine V\u00e9g\u00e9tale : pr\u00e9viennent la d\u00e9shydratation.<br \/>\n1 brevet [FR]<br \/>\n92 % du total des ingr\u00e9dients sont d&rsquo;origine naturelle<\/p>\n","protected":false},"excerpt":{"rendered":"<p>R\u00e9parez votre peau et prolongez votre bronzage avec ce soin au parfum solaire.<\/p>\n","protected":false},"featured_media":2696,"comment_status":"open","ping_status":"closed","template":"","meta":{"om_disable_all_campaigns":false,"_monsterinsights_skip_tracking":false,"_monsterinsights_sitenote_active":false,"_monsterinsights_sitenote_note":"","_monsterinsights_sitenote_category":0},"product_brand":[],"product_cat":[255,16],"product_tag":[],"class_list":{"0":"post-2791","1":"product","2":"type-product","3":"status-publish","4":"has-post-thumbnail","6":"product_cat-nuxe","7":"product_cat-boutique","8":"thunk-woo-product-list","9":"opn-qv-enable","10":"big-store-woo-hover-zoom","11":"open-single-product-tab-horizontal","12":"open-shadow-","13":"open-shadow-hover-","15":"first","16":"instock","17":"sale","18":"taxable","19":"shipping-taxable","20":"purchasable","21":"product-type-simple"},"aioseo_notices":[],"_links":{"self":[{"href":"https:\/\/para-orchidee.com\/index.php?rest_route=\/wp\/v2\/product\/2791","targetHints":{"allow":["GET"]}}],"collection":[{"href":"https:\/\/para-orchidee.com\/index.php?rest_route=\/wp\/v2\/product"}],"about":[{"href":"https:\/\/para-orchidee.com\/index.php?rest_route=\/wp\/v2\/types\/product"}],"replies":[{"embeddable":true,"href":"https:\/\/para-orchidee.com\/index.php?rest_route=%2Fwp%2Fv2%2Fcomments&post=2791"}],"wp:featuredmedia":[{"embeddable":true,"href":"https:\/\/para-orchidee.com\/index.php?rest_route=\/wp\/v2\/media\/2696"}],"wp:attachment":[{"href":"https:\/\/para-orchidee.com\/index.php?rest_route=%2Fwp%2Fv2%2Fmedia&parent=2791"}],"wp:term":[{"taxonomy":"product_brand","embeddable":true,"href":"https:\/\/para-orchidee.com\/index.php?rest_route=%2Fwp%2Fv2%2Fproduct_brand&post=2791"},{"taxonomy":"product_cat","embeddable":true,"href":"https:\/\/para-orchidee.com\/index.php?rest_route=%2Fwp%2Fv2%2Fproduct_cat&post=2791"},{"taxonomy":"product_tag","embeddable":true,"href":"https:\/\/para-orchidee.com\/index.php?rest_route=%2Fwp%2Fv2%2Fproduct_tag&post=2791"}],"curies":[{"name":"wp","href":"https:\/\/api.w.org\/{rel}","templated":true}]}}