{"id":2798,"date":"2025-03-13T14:31:13","date_gmt":"2025-03-13T14:31:13","guid":{"rendered":"https:\/\/para-orchidee.com\/?product=body-deodorant-fraicheur-reve-de-the-50ml"},"modified":"2025-03-13T23:39:33","modified_gmt":"2025-03-13T23:39:33","slug":"body-deodorant-fraicheur-reve-de-the-50ml","status":"publish","type":"product","link":"https:\/\/para-orchidee.com\/?product=body-deodorant-fraicheur-reve-de-the-50ml&lang=fr","title":{"rendered":"BODY DEODORANT FRAICHEUR REVE DE THE 50ML"},"content":{"rendered":"<p>D\u00e9couvrez la technologie \u00ab\u00a0intelligente\u00a0\u00bb de ce d\u00e9odorant roll-on dont le trio d&rsquo;actifs s\u2018adapte aux besoins de la peau.<\/p>\n<p>La transpiration est un ph\u00e9nom\u00e8ne naturel qui peut parfois s&rsquo;accompagner d&rsquo;odeurs d\u00e9sagr\u00e9ables et d&rsquo;une sensation de manque de fra\u00eecheur. Con\u00e7u pour l&rsquo;hygi\u00e8ne corporelle au quotidien, le d\u00e9odorant 24h Nuxe R\u00eave de Th\u00e9 est tout indiqu\u00e9 pour \u00e9viter les mauvaises odeurs dues \u00e0 la transpiration et apporter un maximum de fra\u00eecheur.<\/p>\n<p>Profitez d&rsquo;une protection d\u00e9odorante efficace pendant 24H\u207d\u00b9\u207e. Sa texture fluide au parfum ressour\u00e7ant de Th\u00e9 Vert p\u00e9n\u00e8tre rapidement sans fini collant et laisse sur la peau une sensation de fra\u00eecheur, sans traces sur les v\u00eatements.<\/p>\n<p>\u207d\u00b9\u207e Test clinique.<br \/>\n\u207d\u00b2\u207e Test d\u2019usage &#8211; 21 volontaires. % de satisfaction imm\u00e9diat.<\/p>\n","protected":false},"excerpt":{"rendered":"<p>D\u00e9odorant roll on fra\u00eecheur &#8211; protection d\u00e9odorante 24H<br \/>\n97% d&rsquo;ingr\u00e9dients d&rsquo;origine naturelle<br \/>\nRoll on 50 ml<\/p>\n","protected":false},"featured_media":2606,"comment_status":"open","ping_status":"closed","template":"","meta":{"om_disable_all_campaigns":false,"_monsterinsights_skip_tracking":false,"_monsterinsights_sitenote_active":false,"_monsterinsights_sitenote_note":"","_monsterinsights_sitenote_category":0},"product_brand":[],"product_cat":[255,16],"product_tag":[],"class_list":{"0":"post-2798","1":"product","2":"type-product","3":"status-publish","4":"has-post-thumbnail","6":"product_cat-nuxe","7":"product_cat-boutique","8":"thunk-woo-product-list","9":"opn-qv-enable","10":"big-store-woo-hover-zoom","11":"open-single-product-tab-horizontal","12":"open-shadow-","13":"open-shadow-hover-","15":"first","16":"instock","17":"sale","18":"taxable","19":"shipping-taxable","20":"purchasable","21":"product-type-simple"},"aioseo_notices":[],"_links":{"self":[{"href":"https:\/\/para-orchidee.com\/index.php?rest_route=\/wp\/v2\/product\/2798","targetHints":{"allow":["GET"]}}],"collection":[{"href":"https:\/\/para-orchidee.com\/index.php?rest_route=\/wp\/v2\/product"}],"about":[{"href":"https:\/\/para-orchidee.com\/index.php?rest_route=\/wp\/v2\/types\/product"}],"replies":[{"embeddable":true,"href":"https:\/\/para-orchidee.com\/index.php?rest_route=%2Fwp%2Fv2%2Fcomments&post=2798"}],"wp:featuredmedia":[{"embeddable":true,"href":"https:\/\/para-orchidee.com\/index.php?rest_route=\/wp\/v2\/media\/2606"}],"wp:attachment":[{"href":"https:\/\/para-orchidee.com\/index.php?rest_route=%2Fwp%2Fv2%2Fmedia&parent=2798"}],"wp:term":[{"taxonomy":"product_brand","embeddable":true,"href":"https:\/\/para-orchidee.com\/index.php?rest_route=%2Fwp%2Fv2%2Fproduct_brand&post=2798"},{"taxonomy":"product_cat","embeddable":true,"href":"https:\/\/para-orchidee.com\/index.php?rest_route=%2Fwp%2Fv2%2Fproduct_cat&post=2798"},{"taxonomy":"product_tag","embeddable":true,"href":"https:\/\/para-orchidee.com\/index.php?rest_route=%2Fwp%2Fv2%2Fproduct_tag&post=2798"}],"curies":[{"name":"wp","href":"https:\/\/api.w.org\/{rel}","templated":true}]}}