{"id":2801,"date":"2025-03-13T14:31:13","date_gmt":"2025-03-13T14:31:13","guid":{"rendered":"https:\/\/para-orchidee.com\/?product=prodigieux-huile-de-douche-precieuse-parfumee-200-ml"},"modified":"2025-03-13T23:39:33","modified_gmt":"2025-03-13T23:39:33","slug":"prodigieux-huile-de-douche-precieuse-parfumee-200-ml","status":"publish","type":"product","link":"https:\/\/para-orchidee.com\/?product=prodigieux-huile-de-douche-precieuse-parfumee-200-ml&lang=fr","title":{"rendered":"PRODIGIEUX HUILE DE DOUCHE PRECIEUSE PARFUMEE 200 ML"},"content":{"rendered":"<p>Une huile de douche, aux nacres dor\u00e9es, ultra-sensorielle qui nettoie en douceur, satine et parfume pour un v\u00e9ritable moment de plaisir.<\/p>\n<p>Retrouvez l&rsquo;odeur mythique de l&rsquo;Huile Prodigieuse\u00ae.<\/p>\n<p>CONSEILS D&rsquo;UTILISATION :<br \/>\nMassez une noix de gel douche sur la peau de votre corps pr\u00e9alablement mouill\u00e9s.<br \/>\nProfitez de sa texture fondante et de sa mousse d\u00e9licieuse, puis rincez.<br \/>\nEn cas de contact avec les yeux, rincez.<br \/>\nUtilisez-le matin et\/ou soir.<\/p>\n","protected":false},"excerpt":{"rendered":"<p>Huile de douche nettoyante pour le corps, adapt\u00e9e \u00e0 tous les types de peau et con\u00e7ue pour les adultes.<\/p>\n","protected":false},"featured_media":2669,"comment_status":"open","ping_status":"closed","template":"","meta":{"om_disable_all_campaigns":false,"_monsterinsights_skip_tracking":false,"_monsterinsights_sitenote_active":false,"_monsterinsights_sitenote_note":"","_monsterinsights_sitenote_category":0},"product_brand":[],"product_cat":[255,16],"product_tag":[],"class_list":{"0":"post-2801","1":"product","2":"type-product","3":"status-publish","4":"has-post-thumbnail","6":"product_cat-nuxe","7":"product_cat-boutique","8":"thunk-woo-product-list","9":"opn-qv-enable","10":"big-store-woo-hover-zoom","11":"open-single-product-tab-horizontal","12":"open-shadow-","13":"open-shadow-hover-","15":"first","16":"instock","17":"sale","18":"taxable","19":"shipping-taxable","20":"purchasable","21":"product-type-simple"},"aioseo_notices":[],"_links":{"self":[{"href":"https:\/\/para-orchidee.com\/index.php?rest_route=\/wp\/v2\/product\/2801","targetHints":{"allow":["GET"]}}],"collection":[{"href":"https:\/\/para-orchidee.com\/index.php?rest_route=\/wp\/v2\/product"}],"about":[{"href":"https:\/\/para-orchidee.com\/index.php?rest_route=\/wp\/v2\/types\/product"}],"replies":[{"embeddable":true,"href":"https:\/\/para-orchidee.com\/index.php?rest_route=%2Fwp%2Fv2%2Fcomments&post=2801"}],"wp:featuredmedia":[{"embeddable":true,"href":"https:\/\/para-orchidee.com\/index.php?rest_route=\/wp\/v2\/media\/2669"}],"wp:attachment":[{"href":"https:\/\/para-orchidee.com\/index.php?rest_route=%2Fwp%2Fv2%2Fmedia&parent=2801"}],"wp:term":[{"taxonomy":"product_brand","embeddable":true,"href":"https:\/\/para-orchidee.com\/index.php?rest_route=%2Fwp%2Fv2%2Fproduct_brand&post=2801"},{"taxonomy":"product_cat","embeddable":true,"href":"https:\/\/para-orchidee.com\/index.php?rest_route=%2Fwp%2Fv2%2Fproduct_cat&post=2801"},{"taxonomy":"product_tag","embeddable":true,"href":"https:\/\/para-orchidee.com\/index.php?rest_route=%2Fwp%2Fv2%2Fproduct_tag&post=2801"}],"curies":[{"name":"wp","href":"https:\/\/api.w.org\/{rel}","templated":true}]}}