{"id":2802,"date":"2025-03-13T14:31:13","date_gmt":"2025-03-13T14:31:13","guid":{"rendered":"https:\/\/para-orchidee.com\/?product=prodigieux-le-parfum-50-ml"},"modified":"2025-03-13T23:53:04","modified_gmt":"2025-03-13T23:53:04","slug":"prodigieux-le-parfum-50-ml","status":"publish","type":"product","link":"https:\/\/para-orchidee.com\/?product=prodigieux-le-parfum-50-ml&lang=fr","title":{"rendered":"PRODIGIEUX LE PARFUM 50 ML"},"content":{"rendered":"<p>La fragrance mythique de l\u2019Huile Prodigieuse\u00ae se laisse capturer dans une Eau de Parfum sensuelle, et donne naissance \u00e0 Prodigieux\u00ae le parfum, un accord f\u00e9minin, solaire et sable chaud aux notes de Fleur d&rsquo;Oranger, Magnolia et Vanille.<br \/>\nCONSEILS D&rsquo;UTILISATION:<br \/>\n\u00c0 l&rsquo;envie, vaporisez votre parfum \u00e0 quelques centim\u00e8tres de la peau en privil\u00e9giant le cou et l\u2019int\u00e9rieur des poignets.<\/p>\n<p>Vous pouvez aussi vaporiser un nuage de parfum puis le traverser : vous serez enti\u00e8rement \u00abhabill\u00e9e\u00bb de votre fragrance pr\u00e9f\u00e9r\u00e9e.<\/p>\n<p>Pour un effet plus d\u00e9licat, parfumez votre brosse \u00e0 cheveux d&rsquo;une pulv\u00e9risation.<\/p>\n","protected":false},"excerpt":{"rendered":"<p>Eau de parfum, une fragrance charnelle et addictive<br \/>\nToutes peaux.<\/p>\n","protected":false},"featured_media":2671,"comment_status":"open","ping_status":"closed","template":"","meta":{"om_disable_all_campaigns":false,"_monsterinsights_skip_tracking":false,"_monsterinsights_sitenote_active":false,"_monsterinsights_sitenote_note":"","_monsterinsights_sitenote_category":0},"product_brand":[],"product_cat":[255,16],"product_tag":[],"class_list":{"0":"post-2802","1":"product","2":"type-product","3":"status-publish","4":"has-post-thumbnail","6":"product_cat-nuxe","7":"product_cat-boutique","8":"thunk-woo-product-list","9":"opn-qv-enable","10":"big-store-woo-hover-zoom","11":"open-single-product-tab-horizontal","12":"open-shadow-","13":"open-shadow-hover-","15":"first","16":"instock","17":"sale","18":"taxable","19":"shipping-taxable","20":"purchasable","21":"product-type-simple"},"aioseo_notices":[],"_links":{"self":[{"href":"https:\/\/para-orchidee.com\/index.php?rest_route=\/wp\/v2\/product\/2802","targetHints":{"allow":["GET"]}}],"collection":[{"href":"https:\/\/para-orchidee.com\/index.php?rest_route=\/wp\/v2\/product"}],"about":[{"href":"https:\/\/para-orchidee.com\/index.php?rest_route=\/wp\/v2\/types\/product"}],"replies":[{"embeddable":true,"href":"https:\/\/para-orchidee.com\/index.php?rest_route=%2Fwp%2Fv2%2Fcomments&post=2802"}],"wp:featuredmedia":[{"embeddable":true,"href":"https:\/\/para-orchidee.com\/index.php?rest_route=\/wp\/v2\/media\/2671"}],"wp:attachment":[{"href":"https:\/\/para-orchidee.com\/index.php?rest_route=%2Fwp%2Fv2%2Fmedia&parent=2802"}],"wp:term":[{"taxonomy":"product_brand","embeddable":true,"href":"https:\/\/para-orchidee.com\/index.php?rest_route=%2Fwp%2Fv2%2Fproduct_brand&post=2802"},{"taxonomy":"product_cat","embeddable":true,"href":"https:\/\/para-orchidee.com\/index.php?rest_route=%2Fwp%2Fv2%2Fproduct_cat&post=2802"},{"taxonomy":"product_tag","embeddable":true,"href":"https:\/\/para-orchidee.com\/index.php?rest_route=%2Fwp%2Fv2%2Fproduct_tag&post=2802"}],"curies":[{"name":"wp","href":"https:\/\/api.w.org\/{rel}","templated":true}]}}