{"id":2825,"date":"2025-03-13T14:31:16","date_gmt":"2025-03-13T14:31:16","guid":{"rendered":"https:\/\/para-orchidee.com\/?product=sun-huile-lactee-capillaire-protectrice-hydratante-100-ml"},"modified":"2025-03-22T06:00:27","modified_gmt":"2025-03-22T06:00:27","slug":"sun-huile-lactee-capillaire-protectrice-hydratante-100-ml","status":"publish","type":"product","link":"https:\/\/para-orchidee.com\/?product=sun-huile-lactee-capillaire-protectrice-hydratante-100-ml&lang=fr","title":{"rendered":"SUN HUILE LACTEE CAPILLAIRE PROTECTRICE HYDRATANTE 100 ML"},"content":{"rendered":"<p>Cette huile lact\u00e9e bi-phase prot\u00e8ge vos cheveux des rayons UV tout en leur apportant hydratation et brillance. Elle s&rsquo;utilise avant et pendant la baignade pour les pr\u00e9server des effets du sel et du chlore, tout en prot\u00e9geant votre couleur.<\/p>\n<p>Son parfum d&rsquo;\u00e9vasion aux notes d&rsquo;Orange douce, de Fleur de Tiar\u00e9 et de Vanille est une irr\u00e9sistible invitation \u00e0 profiter de l&rsquo;\u00e9t\u00e9. Sa diffusion en brume d\u00e9pose sur vos longueurs une texture ultra-l\u00e9g\u00e8re et non-grasse qui sublime sans alourdir. Les cheveux sont hydrat\u00e9s, infiniment doux et soyeux au toucher.<\/p>\n<p>100% des femmes trouvent que leurs cheveux sont nourris (1).<\/p>\n<p>95% d&rsquo;entre elles trouvent leurs cheveux plus brillants.(1)<\/p>\n<p>Protection contre 99,5% des dommages caus\u00e9s par le sel, le chlore et le sable (2)<\/p>\n<p>Soin formul\u00e9 et fabriqu\u00e9 en France avec 87% d&rsquo;ingr\u00e9dients d&rsquo;origine naturelle. Flacon recyclable en plastique 100% recycl\u00e9.<\/p>\n<p>(1) Test d\u2019usage &#8211; 22 volontaires \u2013 % de satisfaction apr\u00e8s la 1\u00e8re application<\/p>\n<p>(2) Test instrumental sur m\u00e8ches<\/p>\n<p>CONSEILS D&rsquo;UTILISATION :<\/p>\n<p>Secouez avant utilisation puis vaporisez \u00e0 environ 20 cm sur cheveux secs ou mouill\u00e9s.<\/p>\n<p>Pr\u00e9cautions : Ne pas utiliser en protection solaire visage et corps.<\/p>\n<p>FORMULE :<\/p>\n<p>Profitez d&rsquo;une protection optimale contre les UVB et les UVA gr\u00e2ce \u00e0 une s\u00e9lection rigoureuse de 2 filtres solaires.<\/p>\n<p>Et aussi :<\/p>\n<p>&#8211; Huile de coco bio : nourrit et r\u00e9pare.<\/p>\n<p>&#8211; Huile de jojoba : sublime tous les types de cheveux en leur apportant brillance et souplesse.<\/p>\n<p>&#8211; Panth\u00e9nol : avec ses propri\u00e9t\u00e9s hydratantes, il contribue \u00e0 renforcer la chevelure.<\/p>\n<p>Formule photostable, qui contribue au respect du milieu marin (test\u00e9e sur algues et bact\u00e9ries repr\u00e9sentatives de la vie marine).<\/p>\n","protected":false},"excerpt":{"rendered":"<p>Sp\u00e9cialement formul\u00e9e pour les cheveux expos\u00e9s au soleil, l\u2019Huile Lact\u00e9e Capillaire Nuxe Sun prot\u00e8ge, hydrate et pr\u00e9serve la fibre capillaire.<\/p>\n","protected":false},"featured_media":2695,"comment_status":"open","ping_status":"closed","template":"","meta":{"om_disable_all_campaigns":false,"_monsterinsights_skip_tracking":false,"_monsterinsights_sitenote_active":false,"_monsterinsights_sitenote_note":"","_monsterinsights_sitenote_category":0},"product_brand":[],"product_cat":[255,16,17],"product_tag":[],"class_list":{"0":"post-2825","1":"product","2":"type-product","3":"status-publish","4":"has-post-thumbnail","6":"product_cat-nuxe","7":"product_cat-boutique","8":"product_cat-cheveux","9":"thunk-woo-product-list","10":"opn-qv-enable","11":"big-store-woo-hover-zoom","12":"open-single-product-tab-horizontal","13":"open-shadow-","14":"open-shadow-hover-","16":"first","17":"instock","18":"sale","19":"taxable","20":"shipping-taxable","21":"purchasable","22":"product-type-simple"},"aioseo_notices":[],"_links":{"self":[{"href":"https:\/\/para-orchidee.com\/index.php?rest_route=\/wp\/v2\/product\/2825","targetHints":{"allow":["GET"]}}],"collection":[{"href":"https:\/\/para-orchidee.com\/index.php?rest_route=\/wp\/v2\/product"}],"about":[{"href":"https:\/\/para-orchidee.com\/index.php?rest_route=\/wp\/v2\/types\/product"}],"replies":[{"embeddable":true,"href":"https:\/\/para-orchidee.com\/index.php?rest_route=%2Fwp%2Fv2%2Fcomments&post=2825"}],"wp:featuredmedia":[{"embeddable":true,"href":"https:\/\/para-orchidee.com\/index.php?rest_route=\/wp\/v2\/media\/2695"}],"wp:attachment":[{"href":"https:\/\/para-orchidee.com\/index.php?rest_route=%2Fwp%2Fv2%2Fmedia&parent=2825"}],"wp:term":[{"taxonomy":"product_brand","embeddable":true,"href":"https:\/\/para-orchidee.com\/index.php?rest_route=%2Fwp%2Fv2%2Fproduct_brand&post=2825"},{"taxonomy":"product_cat","embeddable":true,"href":"https:\/\/para-orchidee.com\/index.php?rest_route=%2Fwp%2Fv2%2Fproduct_cat&post=2825"},{"taxonomy":"product_tag","embeddable":true,"href":"https:\/\/para-orchidee.com\/index.php?rest_route=%2Fwp%2Fv2%2Fproduct_tag&post=2825"}],"curies":[{"name":"wp","href":"https:\/\/api.w.org\/{rel}","templated":true}]}}